CRAN Package Check Results for Package corrcoverage

Last updated on 2024-05-22 08:59:24 CEST.

Flavor Version Tinstall Tcheck Ttotal Status Flags
r-devel-linux-x86_64-debian-clang 1.2.1 30.65 81.69 112.34 NOTE
r-devel-linux-x86_64-debian-gcc 1.2.1 19.08 66.95 86.03 NOTE
r-devel-linux-x86_64-fedora-clang 1.2.1 151.98 NOTE
r-devel-linux-x86_64-fedora-gcc 1.2.1 156.96 NOTE
r-patched-linux-x86_64 1.2.1 25.26 83.96 109.22 NOTE
r-release-linux-x86_64 1.2.1 26.01 83.37 109.38 NOTE
r-release-macos-arm64 1.2.1 54.00 NOTE
r-oldrel-macos-arm64 1.2.1 58.00 NOTE
r-oldrel-macos-x86_64 1.2.1 98.00 NOTE

Additional issues

donttest

Check Details

Version: 1.2.1
Check: C++ specification
Result: NOTE Specified C++11: please drop specification unless essential Flavors: r-devel-linux-x86_64-debian-clang, r-devel-linux-x86_64-debian-gcc, r-devel-linux-x86_64-fedora-clang, r-devel-linux-x86_64-fedora-gcc, r-patched-linux-x86_64, r-release-linux-x86_64, r-release-macos-arm64, r-oldrel-macos-arm64, r-oldrel-macos-x86_64

Version: 1.2.1
Check: LazyData
Result: NOTE 'LazyData' is specified without a 'data' directory Flavors: r-devel-linux-x86_64-debian-clang, r-devel-linux-x86_64-debian-gcc, r-devel-linux-x86_64-fedora-clang, r-devel-linux-x86_64-fedora-gcc, r-patched-linux-x86_64, r-release-linux-x86_64, r-release-macos-arm64, r-oldrel-macos-arm64, r-oldrel-macos-x86_64

Version: 1.2.1
Check: dependencies in R code
Result: NOTE Namespace in Imports field not imported from: ‘data.table’ All declared Imports should be used. Flavors: r-devel-linux-x86_64-fedora-clang, r-devel-linux-x86_64-fedora-gcc

Version: 1.2.1
Check: installed package size
Result: NOTE installed size is 5.0Mb sub-directories of 1Mb or more: extdata 3.8Mb Flavors: r-release-macos-arm64, r-oldrel-macos-arm64, r-oldrel-macos-x86_64