Last updated on 2024-04-24 07:57:36 CEST.
Flavor | Version | Tinstall | Tcheck | Ttotal | Status | Flags |
---|---|---|---|---|---|---|
r-devel-linux-x86_64-debian-clang | 0.8.4 | 7.24 | 208.47 | 215.71 | OK | |
r-devel-linux-x86_64-debian-gcc | 0.8.4 | 4.69 | 151.20 | 155.89 | OK | |
r-devel-linux-x86_64-fedora-clang | 0.8.4 | 257.85 | OK | |||
r-devel-linux-x86_64-fedora-gcc | 0.8.4 | 265.19 | OK | |||
r-prerel-macos-arm64 | 0.8.4 | 76.00 | OK | |||
r-prerel-windows-x86_64 | 0.8.4 | 6.00 | 160.00 | 166.00 | OK | |
r-patched-linux-x86_64 | 0.8.4 | 10.06 | 197.94 | 208.00 | OK | |
r-release-linux-x86_64 | 0.8.4 | 6.55 | 198.10 | 204.65 | OK | |
r-release-macos-arm64 | 0.8.4 | 74.00 | OK | |||
r-release-macos-x86_64 | 0.8.4 | 153.00 | NOTE | |||
r-release-windows-x86_64 | 0.8.4 | 7.00 | 201.00 | 208.00 | OK | |
r-oldrel-macos-arm64 | 0.8.4 | 75.00 | OK | |||
r-oldrel-windows-x86_64 | 0.8.4 | 8.00 | 201.00 | 209.00 | OK |
Version: 0.8.4
Check: package dependencies
Result: NOTE
Package suggested but not available for checking: ‘rstanarm’
Flavor: r-release-macos-x86_64