CRAN Package Check Results for Package corrgrapher

Last updated on 2021-07-29 09:53:18 CEST.

Flavor Version Tinstall Tcheck Ttotal Status Flags
r-devel-linux-x86_64-debian-clang 1.0.4 OK
r-devel-linux-x86_64-debian-gcc 1.0.4 2.28 179.98 182.26 OK
r-devel-linux-x86_64-fedora-clang 1.0.4 273.19 OK
r-devel-linux-x86_64-fedora-gcc 1.0.4 261.88 OK
r-devel-windows-x86_64 1.0.4 5.00 188.00 193.00 OK
r-devel-windows-x86_64-gcc10-UCRT 1.0.4 OK
r-patched-linux-x86_64 1.0.4 6.86 220.41 227.27 OK
r-patched-solaris-x86 1.0.4 1783.00 OK
r-release-linux-x86_64 1.0.4 2.91 223.97 226.88 OK
r-release-macos-arm64 1.0.4 ERROR
r-release-macos-x86_64 1.0.4 OK
r-release-windows-ix86+x86_64 1.0.4 7.00 190.00 197.00 OK
r-oldrel-macos-x86_64 1.0.4 OK
r-oldrel-windows-ix86+x86_64 1.0.4 7.00 192.00 199.00 OK

Check Details

Version: 1.0.4
Check: tests
Result: ERROR
     Running ‘spelling.R’ [0s/0s]
     Running ‘testthat.R’ [74s/52s]
    Running the tests in ‘tests/testthat.R’ failed.
    Last 13 lines of output:
     9. │ ├─tags$div(...)
     10. │ │ └─rlang::dots_list(...)
     11. │ ├─base::suppressMessages(...)
     12. │ │ └─base::withCallingHandlers(...)
     13. │ └─htmltools::plotTag(...)
     14. │ └─rlang::eval_tidy(...)
     15. └─htmltools::capturePlot(...)
     16. └─base::tryCatch(...)
     17. └─base:::tryCatchList(expr, classes, parentenv, handlers)
     18. └─base:::tryCatchOne(expr, names, parentenv, handlers[[1L]])
     19. └─value[[3L]](cond)
    
     [ FAIL 6 | WARN 37 | SKIP 0 | PASS 86 ]
     Error: Test failures
     Execution halted
Flavor: r-release-macos-arm64