Last updated on 2024-04-26 08:54:52 CEST.
Flavor | Version | Tinstall | Tcheck | Ttotal | Status | Flags |
---|---|---|---|---|---|---|
r-devel-linux-x86_64-debian-clang | 0.9.1 | 2.11 | 119.74 | 121.85 | NOTE | |
r-devel-linux-x86_64-debian-gcc | 0.9.1 | 2.38 | 84.43 | 86.81 | NOTE | |
r-devel-linux-x86_64-fedora-clang | 0.9.1 | 148.90 | NOTE | |||
r-devel-linux-x86_64-fedora-gcc | 0.9.1 | 153.85 | NOTE | |||
r-devel-windows-x86_64 | 0.9.1 | 4.00 | 101.00 | 105.00 | NOTE | |
r-patched-linux-x86_64 | 0.9.1 | 2.36 | 112.99 | 115.35 | NOTE | |
r-release-linux-x86_64 | 0.9.1 | 3.05 | 112.14 | 115.19 | NOTE | |
r-release-macos-arm64 | 0.9.1 | 49.00 | NOTE | |||
r-release-windows-x86_64 | 0.9.1 | 4.00 | 98.00 | 102.00 | NOTE | |
r-oldrel-macos-arm64 | 0.9.1 | 50.00 | NOTE | |||
r-oldrel-macos-x86_64 | 0.9.1 | 70.00 | NOTE | |||
r-oldrel-windows-x86_64 | 0.9.1 | 5.00 | 123.00 | 128.00 | NOTE |
Version: 0.9.1
Check: LazyData
Result: NOTE
'LazyData' is specified without a 'data' directory
Flavors: r-devel-linux-x86_64-debian-clang, r-devel-linux-x86_64-debian-gcc, r-devel-linux-x86_64-fedora-clang, r-devel-linux-x86_64-fedora-gcc, r-devel-windows-x86_64, r-patched-linux-x86_64, r-release-linux-x86_64, r-release-macos-arm64, r-release-windows-x86_64, r-oldrel-macos-arm64, r-oldrel-macos-x86_64, r-oldrel-windows-x86_64
Version: 0.9.1
Check: dependencies in R code
Result: NOTE
Namespace in Imports field not imported from: ‘jpeg’
All declared Imports should be used.
Flavors: r-devel-linux-x86_64-fedora-clang, r-devel-linux-x86_64-fedora-gcc