Last updated on 2024-05-05 08:52:42 CEST.
Flavor | Version | Tinstall | Tcheck | Ttotal | Status | Flags |
---|---|---|---|---|---|---|
r-devel-linux-x86_64-debian-clang | 0.1.4 | 18.21 | 119.45 | 137.66 | OK | |
r-devel-linux-x86_64-debian-gcc | 0.1.4 | 12.20 | 88.81 | 101.01 | OK | |
r-devel-linux-x86_64-fedora-clang | 0.1.4 | 171.06 | NOTE | |||
r-devel-linux-x86_64-fedora-gcc | 0.1.4 | 160.73 | NOTE | |||
r-devel-windows-x86_64 | 0.1.4 | 16.00 | 101.00 | 117.00 | OK | |
r-patched-linux-x86_64 | 0.1.4 | 17.43 | 111.88 | 129.31 | OK | |
r-release-linux-x86_64 | 0.1.4 | 9.76 | 112.69 | 122.45 | OK | |
r-release-macos-arm64 | 0.1.4 | 45.00 | OK | |||
r-release-windows-x86_64 | 0.1.4 | 14.00 | 103.00 | 117.00 | OK | |
r-oldrel-macos-arm64 | 0.1.4 | 48.00 | OK | |||
r-oldrel-macos-x86_64 | 0.1.4 | 79.00 | OK | |||
r-oldrel-windows-x86_64 | 0.1.4 | 17.00 | 119.00 | 136.00 | OK |
Version: 0.1.4
Check: dependencies in R code
Result: NOTE
Namespaces in Imports field not imported from:
‘httr’ ‘stringr’
All declared Imports should be used.
Flavors: r-devel-linux-x86_64-fedora-clang, r-devel-linux-x86_64-fedora-gcc