Last updated on 2024-04-17 08:57:27 CEST.
Flavor | Version | Tinstall | Tcheck | Ttotal | Status | Flags |
---|---|---|---|---|---|---|
r-devel-linux-x86_64-debian-clang | 0.1.2 | 3.85 | 41.20 | 45.05 | OK | |
r-devel-linux-x86_64-debian-gcc | 0.1.2 | 3.79 | 31.40 | 35.19 | OK | |
r-devel-linux-x86_64-fedora-clang | 0.1.2 | 57.86 | NOTE | |||
r-devel-linux-x86_64-fedora-gcc | 0.1.2 | 67.30 | NOTE | |||
r-prerel-macos-arm64 | 0.1.2 | 31.00 | OK | |||
r-prerel-windows-x86_64 | 0.1.2 | 6.00 | 58.00 | 64.00 | OK | |
r-patched-linux-x86_64 | 0.1.2 | 3.26 | 37.95 | 41.21 | OK | |
r-release-linux-x86_64 | 0.1.2 | 3.42 | 38.44 | 41.86 | OK | |
r-release-macos-arm64 | 0.1.2 | 33.00 | OK | |||
r-release-macos-x86_64 | 0.1.2 | 41.00 | OK | |||
r-release-windows-x86_64 | 0.1.2 | 8.00 | 56.00 | 64.00 | OK | |
r-oldrel-macos-arm64 | 0.1.2 | 23.00 | NOTE | |||
r-oldrel-windows-x86_64 | 0.1.2 | 8.00 | 59.00 | 67.00 | OK |
Version: 0.1.2
Check: dependencies in R code
Result: NOTE
Namespaces in Imports field not imported from:
‘mapview’ ‘plotly’
All declared Imports should be used.
Flavors: r-devel-linux-x86_64-fedora-clang, r-devel-linux-x86_64-fedora-gcc, r-oldrel-macos-arm64