Last updated on 2024-08-31 08:48:09 CEST.
Flavor | Version | Tinstall | Tcheck | Ttotal | Status | Flags |
---|---|---|---|---|---|---|
r-devel-linux-x86_64-debian-clang | 3.6.4 | 5.26 | 115.17 | 120.43 | NOTE | |
r-devel-linux-x86_64-debian-gcc | 3.6.4 | 3.67 | 89.46 | 93.13 | NOTE | |
r-devel-linux-x86_64-fedora-clang | 3.6.4 | 196.49 | NOTE | |||
r-devel-linux-x86_64-fedora-gcc | 3.6.4 | 246.88 | NOTE | |||
r-devel-windows-x86_64 | 3.6.4 | 9.00 | 200.00 | 209.00 | NOTE | |
r-patched-linux-x86_64 | 3.6.4 | 5.84 | 114.86 | 120.70 | OK | |
r-release-linux-x86_64 | 3.6.4 | 5.12 | 113.73 | 118.85 | OK | |
r-release-macos-arm64 | 3.6.4 | 109.00 | OK | |||
r-release-macos-x86_64 | 3.6.4 | 209.00 | OK | |||
r-release-windows-x86_64 | 3.6.4 | 10.00 | 253.00 | 263.00 | OK | |
r-oldrel-macos-arm64 | 3.6.4 | 109.00 | OK | |||
r-oldrel-macos-x86_64 | 3.6.4 | 183.00 | OK | |||
r-oldrel-windows-x86_64 | 3.6.4 | 11.00 | 266.00 | 277.00 | OK |
Version: 3.6.4
Check: compiled code
Result: NOTE
File ‘covr/libs/covr.so’:
Found non-API calls to R: ‘SET_BODY’, ‘SET_CLOENV’, ‘SET_FORMALS’
Compiled code should not call non-API entry points in R.
See ‘Writing portable packages’ in the ‘Writing R Extensions’ manual,
and section ‘Moving into C API compliance’ for issues with the use of
non-API entry points.
Flavors: r-devel-linux-x86_64-debian-clang, r-devel-linux-x86_64-debian-gcc, r-devel-linux-x86_64-fedora-clang, r-devel-linux-x86_64-fedora-gcc
Version: 3.6.4
Check: compiled code
Result: NOTE
File 'covr/libs/x64/covr.dll':
Found non-API calls to R: 'SET_BODY', 'SET_CLOENV', 'SET_FORMALS'
Compiled code should not call non-API entry points in R.
See 'Writing portable packages' in the 'Writing R Extensions' manual,
and section 'Moving into C API compliance' for issues with the use of
non-API entry points.
Flavor: r-devel-windows-x86_64