Last updated on 2024-04-18 08:54:24 CEST.
Flavor | Version | Tinstall | Tcheck | Ttotal | Status | Flags |
---|---|---|---|---|---|---|
r-devel-linux-x86_64-debian-clang | 1.0.0 | 3.50 | 225.88 | 229.38 | OK | |
r-devel-linux-x86_64-debian-gcc | 1.0.0 | 2.59 | 138.45 | 141.04 | OK | |
r-devel-linux-x86_64-fedora-clang | 1.0.0 | 287.82 | NOTE | |||
r-devel-linux-x86_64-fedora-gcc | 1.0.0 | 261.13 | NOTE | |||
r-prerel-macos-arm64 | 1.0.0 | 63.00 | OK | |||
r-prerel-windows-x86_64 | 1.0.0 | 4.00 | 136.00 | 140.00 | OK | |
r-patched-linux-x86_64 | 1.0.0 | 2.91 | 220.13 | 223.04 | OK | |
r-release-linux-x86_64 | 1.0.0 | 3.28 | 211.07 | 214.35 | OK | |
r-release-macos-arm64 | 1.0.0 | 72.00 | OK | |||
r-release-macos-x86_64 | 1.0.0 | 98.00 | OK | |||
r-release-windows-x86_64 | 1.0.0 | 4.00 | 138.00 | 142.00 | OK | |
r-oldrel-macos-arm64 | 1.0.0 | 65.00 | NOTE | |||
r-oldrel-windows-x86_64 | 1.0.0 | 5.00 | 146.00 | 151.00 | OK |
Version: 1.0.0
Check: dependencies in R code
Result: NOTE
Namespaces in Imports field not imported from:
‘Rcpp’ ‘gsl’
All declared Imports should be used.
Flavors: r-devel-linux-x86_64-fedora-clang, r-devel-linux-x86_64-fedora-gcc, r-oldrel-macos-arm64