Last updated on 2024-03-12 07:49:50 CET.
Flavor | Version | Tinstall | Tcheck | Ttotal | Status | Flags |
---|---|---|---|---|---|---|
r-devel-linux-x86_64-debian-clang | 1.13.4 | 12.02 | 67.70 | 79.72 | WARN | |
r-devel-linux-x86_64-debian-gcc | 1.13.4 | 9.37 | 51.92 | 61.29 | OK | |
r-devel-linux-x86_64-fedora-clang | 1.13.4 | 97.61 | NOTE | |||
r-devel-linux-x86_64-fedora-gcc | 1.13.4 | 95.03 | OK | |||
r-devel-windows-x86_64 | 1.13.4 | 12.00 | 73.00 | 85.00 | OK | |
r-patched-linux-x86_64 | 1.13.4 | 9.72 | 67.10 | 76.82 | OK | |
r-release-linux-x86_64 | 1.13.4 | 11.66 | 67.28 | 78.94 | OK | |
r-release-macos-arm64 | 1.13.4 | 35.00 | OK | |||
r-release-macos-x86_64 | 1.13.4 | 56.00 | OK | |||
r-release-windows-x86_64 | 1.13.4 | 16.00 | 77.00 | 93.00 | OK | |
r-oldrel-macos-arm64 | 1.13.4 | 41.00 | OK | |||
r-oldrel-windows-x86_64 | 1.13.4 | 14.00 | 82.00 | 96.00 | OK |
Version: 1.13.4
Check: whether package can be installed
Result: WARN
Found the following significant warnings:
flang-new: warning: argument unused during compilation: '-Wall' [-Wunused-command-line-argument]
See ‘/home/hornik/tmp/R.check/r-devel-clang/Work/PKGS/coxphf.Rcheck/00install.out’ for details.
* used C compiler: ‘Debian clang version 18.1.0 (rc4-1)’
* used Fortran compiler: ‘Debian flang-new version 18.1.0 (rc4-1)’
Flavor: r-devel-linux-x86_64-debian-clang
Version: 1.13.4
Check: installed package size
Result: NOTE
installed size is 7.6Mb
sub-directories of 1Mb or more:
libs 7.4Mb
Flavor: r-devel-linux-x86_64-fedora-clang