CRAN Package Check Results for Package coxrt

Last updated on 2021-05-10 08:49:06 CEST.

Flavor Version Tinstall Tcheck Ttotal Status Flags
r-devel-linux-x86_64-debian-clang 1.0.3 44.22 170.96 215.18 NOTE
r-devel-linux-x86_64-debian-gcc 1.0.3 30.82 126.09 156.91 NOTE
r-devel-linux-x86_64-fedora-clang 1.0.3 268.98 NOTE
r-devel-linux-x86_64-fedora-gcc 1.0.3 254.42 NOTE
r-devel-windows-ix86+x86_64 1.0.3 82.00 246.00 328.00 NOTE
r-devel-windows-x86_64-gcc10-UCRT 1.0.3 NOTE
r-patched-linux-x86_64 1.0.3 33.77 163.60 197.37 NOTE
r-patched-solaris-x86 1.0.3 364.00 NOTE
r-release-linux-x86_64 1.0.3 36.89 162.27 199.16 OK
r-release-macos-x86_64 1.0.3 OK
r-release-windows-ix86+x86_64 1.0.3 76.00 198.00 274.00 OK
r-oldrel-macos-x86_64 1.0.3 OK
r-oldrel-windows-ix86+x86_64 1.0.3 90.00 242.00 332.00 OK

Check Details

Version: 1.0.3
Check: LazyData
Result: NOTE
     'LazyData' is specified without a 'data' directory
Flavors: r-devel-linux-x86_64-debian-clang, r-devel-linux-x86_64-debian-gcc, r-devel-linux-x86_64-fedora-clang, r-devel-linux-x86_64-fedora-gcc, r-devel-windows-ix86+x86_64, r-devel-windows-x86_64-gcc10-UCRT, r-patched-linux-x86_64, r-patched-solaris-x86