Last updated on 2024-03-12 07:49:50 CET.
Flavor | Version | Tinstall | Tcheck | Ttotal | Status | Flags |
---|---|---|---|---|---|---|
r-devel-linux-x86_64-debian-clang | 0.7-12 | 25.03 | 144.40 | 169.43 | OK | |
r-devel-linux-x86_64-debian-gcc | 0.7-12 | 20.60 | 112.32 | 132.92 | OK | |
r-devel-linux-x86_64-fedora-clang | 0.7-12 | 216.09 | OK | |||
r-devel-linux-x86_64-fedora-gcc | 0.7-12 | 223.35 | OK | |||
r-devel-windows-x86_64 | 0.7-12 | 27.00 | 142.00 | 169.00 | OK | |
r-patched-linux-x86_64 | 0.7-12 | 22.36 | 143.05 | 165.41 | OK | |
r-release-linux-x86_64 | 0.7-12 | 23.44 | 145.38 | 168.82 | OK | |
r-release-macos-arm64 | 0.7-12 | 76.00 | NOTE | |||
r-release-macos-x86_64 | 0.7-12 | 144.00 | OK | |||
r-release-windows-x86_64 | 0.7-12 | 31.00 | 155.00 | 186.00 | OK | |
r-oldrel-macos-arm64 | 0.7-12 | 76.00 | NOTE | |||
r-oldrel-windows-x86_64 | 0.7-12 | 34.00 | 162.00 | 196.00 | OK |
Version: 0.7-12
Check: re-building of vignette outputs
Result: NOTE
Error(s) in re-building vignettes:
...
--- re-building ‘cplm.Rnw’ using Sweave
Loading required package: coda
Loading required package: Matrix
Loading required package: splines
Error: processing vignette 'cplm.Rnw' failed with diagnostics:
Running 'texi2dvi' on 'cplm.tex' failed.
LaTeX errors:
!pdfTeX error: pdflatex (file bbm10): Font bbm10 at 600 not found
==> Fatal error occurred, no output PDF file produced!
--- failed re-building ‘cplm.Rnw’
SUMMARY: processing the following file failed:
‘cplm.Rnw’
Error: Vignette re-building failed.
Execution halted
Flavors: r-release-macos-arm64, r-oldrel-macos-arm64