Last updated on 2024-08-31 08:48:09 CEST.
Flavor | Version | Tinstall | Tcheck | Ttotal | Status | Flags |
---|---|---|---|---|---|---|
r-devel-linux-x86_64-debian-clang | 0.3.10 | 99.22 | 453.76 | 552.98 | OK | |
r-devel-linux-x86_64-debian-gcc | 0.3.10 | 38.54 | 263.45 | 301.99 | OK | |
r-devel-linux-x86_64-fedora-clang | 0.3.10 | 820.15 | OK | |||
r-devel-linux-x86_64-fedora-gcc | 0.3.10 | 801.80 | OK | |||
r-devel-windows-x86_64 | 0.3.10 | 56.00 | 599.00 | 655.00 | OK | |
r-patched-linux-x86_64 | 0.3.10 | 52.46 | 429.91 | 482.37 | OK | |
r-release-linux-x86_64 | 0.3.10 | 54.55 | 429.51 | 484.06 | OK | |
r-release-macos-arm64 | 0.3.10 | 237.00 | NOTE | |||
r-release-macos-x86_64 | 0.3.10 | 785.00 | NOTE | |||
r-release-windows-x86_64 | 0.3.10 | 58.00 | 625.00 | 683.00 | OK | |
r-oldrel-macos-arm64 | 0.3.10 | 399.00 | NOTE | |||
r-oldrel-macos-x86_64 | 0.3.10 | 894.00 | NOTE | |||
r-oldrel-windows-x86_64 | 0.3.10 | 67.00 | 706.00 | 773.00 | OK |
Version: 0.3.10
Check: installed package size
Result: NOTE
installed size is 10.4Mb
sub-directories of 1Mb or more:
data 1.2Mb
doc 2.2Mb
libs 6.9Mb
Flavors: r-release-macos-arm64, r-release-macos-x86_64, r-oldrel-macos-arm64, r-oldrel-macos-x86_64