Last updated on 2025-11-06 07:49:30 CET.
| Flavor | Version | Tinstall | Tcheck | Ttotal | Status | Flags |
|---|---|---|---|---|---|---|
| r-devel-linux-x86_64-debian-clang | 1.3.0 | 12.76 | 86.76 | 99.52 | OK | |
| r-devel-linux-x86_64-debian-gcc | 1.3.0 | 8.03 | 61.05 | 69.08 | OK | |
| r-devel-linux-x86_64-fedora-clang | 1.3.0 | 91.00 | 73.53 | 164.53 | OK | |
| r-devel-linux-x86_64-fedora-gcc | 1.3.0 | 120.00 | 58.80 | 178.80 | ERROR | |
| r-devel-windows-x86_64 | 1.3.0 | 15.00 | 108.00 | 123.00 | OK | |
| r-patched-linux-x86_64 | 1.3.0 | 13.93 | 81.52 | 95.45 | OK | |
| r-release-linux-x86_64 | 1.3.0 | 10.79 | 81.46 | 92.25 | OK | |
| r-release-macos-arm64 | 1.3.0 | 5.00 | 49.00 | 54.00 | OK | |
| r-release-macos-x86_64 | 1.3.0 | 10.00 | 94.00 | 104.00 | OK | |
| r-release-windows-x86_64 | 1.3.0 | 13.00 | 107.00 | 120.00 | OK | |
| r-oldrel-macos-arm64 | 1.3.0 | 5.00 | 57.00 | 62.00 | OK | |
| r-oldrel-macos-x86_64 | 1.3.0 | 11.00 | 100.00 | 111.00 | OK | |
| r-oldrel-windows-x86_64 | 1.3.0 | 18.00 | 129.00 | 147.00 | OK |
Version: 1.3.0
Check: tests
Result: ERROR
Running ‘testthat.R’ [18s/96s]
Running the tests in ‘tests/testthat.R’ failed.
Complete output:
> library(testthat)
> library(crew)
Attaching package: 'crew'
The following object is masked from 'package:testthat':
matches
>
> test_check("crew")
[ FAIL 1 | WARN 0 | SKIP 108 | PASS 332 ]
══ Skipped tests (108) ═════════════════════════════════════════════════════════
• On CRAN (108): 'test-class_monad.R:18:3', 'test-crew_client.R:29:3',
'test-crew_client.R:79:3', 'test-crew_client.R:100:3',
'test-crew_client.R:107:3', 'test-crew_client.R:121:3',
'test-crew_controller.R:11:3', 'test-crew_controller.R:62:3',
'test-crew_controller.R:91:3', 'test-crew_controller.R:118:3',
'test-crew_controller.R:130:3', 'test-crew_controller.R:161:3',
'test-crew_controller.R:197:3', 'test-crew_controller.R:225:3',
'test-crew_controller.R:244:3', 'test-crew_controller.R:264:3',
'test-crew_controller.R:282:3', 'test-crew_controller.R:326:3',
'test-crew_controller.R:401:3', 'test-crew_controller.R:418:3',
'test-crew_controller.R:439:3', 'test-crew_controller.R:471:3',
'test-crew_controller.R:505:3', 'test-crew_controller.R:555:3',
'test-crew_controller.R:592:3', 'test-crew_controller.R:616:3',
'test-crew_controller.R:650:3', 'test-crew_controller.R:668:3',
'test-crew_controller.R:706:3', 'test-crew_controller.R:750:3',
'test-crew_controller.R:788:3', 'test-crew_controller.R:839:3',
'test-crew_controller_group.R:19:3', 'test-crew_controller_group.R:171:3',
'test-crew_controller_group.R:199:3', 'test-crew_controller_group.R:227:3',
'test-crew_controller_group.R:256:3', 'test-crew_controller_group.R:298:3',
'test-crew_controller_group.R:335:3', 'test-crew_controller_group.R:372:3',
'test-crew_controller_group.R:404:3', 'test-crew_controller_group.R:436:3',
'test-crew_controller_group.R:456:3', 'test-crew_controller_group.R:483:3',
'test-crew_controller_group.R:510:3', 'test-crew_controller_group.R:552:3',
'test-crew_controller_group.R:593:3', 'test-crew_controller_group.R:621:3',
'test-crew_controller_group.R:642:3', 'test-crew_controller_group.R:696:3',
'test-crew_controller_group.R:748:3', 'test-crew_controller_group.R:801:3',
'test-crew_controller_group.R:853:3', 'test-crew_controller_local.R:132:3',
'test-crew_controller_local.R:185:3', 'test-crew_controller_local.R:215:3',
'test-crew_controller_local.R:244:3', 'test-crew_controller_local.R:274:3',
'test-crew_controller_local.R:306:3', 'test-crew_controller_local.R:346:3',
'test-crew_controller_local.R:386:3', 'test-crew_eval.R:37:3',
'test-crew_eval.R:43:3', 'test-crew_eval.R:49:3', 'test-crew_eval.R:63:3',
'test-crew_eval.R:72:3', 'test-crew_eval.R:103:3', 'test-crew_eval.R:134:3',
'test-crew_eval.R:160:3', 'test-crew_eval.R:185:3', 'test-crew_eval.R:199:3',
'test-crew_eval.R:213:3', 'test-crew_eval.R:233:3', 'test-crew_eval.R:249:3',
'test-crew_launcher.R:2:3', 'test-crew_launcher.R:8:3',
'test-crew_launcher.R:19:3', 'test-crew_launcher.R:45:3',
'test-crew_launcher.R:75:3', 'test-crew_launcher.R:98:3',
'test-crew_launcher.R:194:3', 'test-crew_launcher.R:200:3',
'test-crew_launcher.R:206:3', 'test-crew_launcher.R:213:3',
'test-crew_launcher.R:219:3', 'test-crew_launcher_local.R:14:3',
'test-crew_launcher_local.R:31:3', 'test-crew_launcher_local.R:47:3',
'test-crew_launcher_local.R:63:3', 'test-crew_launcher_local.R:109:3',
'test-crew_monitor_local.R:2:3', 'test-crew_monitor_local.R:19:3',
'test-crew_monitor_local.R:36:3', 'test-crew_monitor_local.R:57:3',
'test-crew_relay.R:15:3', 'test-crew_retry.R:2:3', 'test-crew_retry.R:16:3',
'test-crew_retry.R:29:3', 'test-crew_retry.R:48:3', 'test-crew_retry.R:67:3',
'test-crew_terminate_process.R:2:3', 'test-crew_throttle.R:72:3',
'test-crew_worker.R:2:3', 'test-crew_worker.R:53:3',
'test-utils_files.R:2:3', 'test-utils_mirai.R:2:3',
'test-utils_mirai.R:15:3', 'test-utils_packages.R:2:3'
══ Failed tests ════════════════════════════════════════════════════════════════
── Error ('test-crew_controller_local.R:63:3'): crew_controller_local() ────────
<crew_expire/crew_error/crew/rlang_error/error/condition>
Error: timed out after retrying for 10 seconds.
Backtrace:
▆
1. └─crew::crew_retry(...) at test-crew_controller_local.R:63:3
2. └─crew:::crew_expire(message)
3. └─crew:::crew_stop(...)
4. └─rlang::abort(message = message, class = class, call = emptyenv())
[ FAIL 1 | WARN 0 | SKIP 108 | PASS 332 ]
Error: Test failures
Execution halted
Flavor: r-devel-linux-x86_64-fedora-gcc