Last updated on 2024-03-12 07:49:50 CET.
Flavor | Version | Tinstall | Tcheck | Ttotal | Status | Flags |
---|---|---|---|---|---|---|
r-devel-linux-x86_64-debian-clang | 1.1.7 | 6.78 | 62.21 | 68.99 | OK | |
r-devel-linux-x86_64-debian-gcc | 1.1.7 | 4.85 | 46.71 | 51.56 | OK | |
r-devel-linux-x86_64-fedora-clang | 1.1.7 | 88.40 | NOTE | |||
r-devel-linux-x86_64-fedora-gcc | 1.1.7 | 83.95 | NOTE | |||
r-devel-windows-x86_64 | 1.1.7 | 6.00 | 65.00 | 71.00 | OK | |
r-patched-linux-x86_64 | 1.1.7 | 4.26 | 61.48 | 65.74 | OK | |
r-release-linux-x86_64 | 1.1.7 | 5.83 | 61.77 | 67.60 | OK | |
r-release-macos-arm64 | 1.1.7 | 27.00 | NOTE | |||
r-release-macos-x86_64 | 1.1.7 | 73.00 | NOTE | |||
r-release-windows-x86_64 | 1.1.7 | 9.00 | 72.00 | 81.00 | NOTE | |
r-oldrel-macos-arm64 | 1.1.7 | 29.00 | NOTE | |||
r-oldrel-windows-x86_64 | 1.1.7 | 10.00 | 76.00 | 86.00 | NOTE |
Version: 1.1.7
Check: package dependencies
Result: NOTE
Package suggested but not available for checking: ‘BSgenome.Scerevisiae.UCSC.sacCer3’
Flavors: r-devel-linux-x86_64-fedora-clang, r-devel-linux-x86_64-fedora-gcc, r-release-macos-arm64, r-release-macos-x86_64, r-release-windows-x86_64, r-oldrel-macos-arm64, r-oldrel-windows-x86_64
Version: 1.1.7
Check: dependencies in R code
Result: NOTE
Namespaces in Imports field not imported from:
‘DT’ ‘gbm’
All declared Imports should be used.
Flavors: r-devel-linux-x86_64-fedora-clang, r-devel-linux-x86_64-fedora-gcc