CRAN Package Check Results for Package crispRdesignR

Last updated on 2021-07-26 09:53:58 CEST.

Flavor Version Tinstall Tcheck Ttotal Status Flags
r-devel-linux-x86_64-debian-clang 1.1.6 6.79 58.20 64.99 NOTE
r-devel-linux-x86_64-debian-gcc 1.1.6 5.86 44.77 50.63 NOTE
r-devel-linux-x86_64-fedora-clang 1.1.6 87.35 NOTE
r-devel-linux-x86_64-fedora-gcc 1.1.6 74.62 NOTE
r-devel-windows-x86_64 1.1.6 11.00 79.00 90.00 NOTE
r-devel-windows-x86_64-gcc10-UCRT 1.1.6 NOTE
r-patched-linux-x86_64 1.1.6 6.01 56.08 62.09 NOTE
r-patched-solaris-x86 1.1.6 110.50 NOTE
r-release-linux-x86_64 1.1.6 6.07 56.29 62.36 NOTE
r-release-macos-arm64 1.1.6 ERROR
r-release-macos-x86_64 1.1.6 NOTE
r-release-windows-ix86+x86_64 1.1.6 13.00 73.00 86.00 NOTE
r-oldrel-macos-x86_64 1.1.6 NOTE
r-oldrel-windows-ix86+x86_64 1.1.6 10.00 76.00 86.00 OK

Check Details

Version: 1.1.6
Check: LazyData
Result: NOTE
     'LazyData' is specified without a 'data' directory
Flavors: r-devel-linux-x86_64-debian-clang, r-devel-linux-x86_64-debian-gcc, r-devel-linux-x86_64-fedora-clang, r-devel-linux-x86_64-fedora-gcc, r-devel-windows-x86_64, r-devel-windows-x86_64-gcc10-UCRT, r-patched-linux-x86_64, r-patched-solaris-x86, r-release-linux-x86_64, r-release-macos-x86_64, r-release-windows-ix86+x86_64

Version: 1.1.6
Check: dependencies in R code
Result: NOTE
    Namespaces in Imports field not imported from:
     ‘DT’ ‘gbm’
     All declared Imports should be used.
Flavors: r-devel-linux-x86_64-fedora-clang, r-devel-linux-x86_64-fedora-gcc, r-devel-windows-x86_64-gcc10-UCRT, r-patched-solaris-x86, r-release-macos-x86_64, r-oldrel-macos-x86_64

Version: 1.1.6
Check: package dependencies
Result: NOTE
    Package suggested but not available for checking: ‘BSgenome.Scerevisiae.UCSC.sacCer2’
Flavors: r-patched-solaris-x86, r-release-macos-x86_64, r-oldrel-macos-x86_64

Version: 1.1.6
Check: package dependencies
Result: ERROR
    Packages required but not available: 'GenomicRanges', 'rtracklayer'
    
    Package suggested but not available for checking: ‘BSgenome.Scerevisiae.UCSC.sacCer2’
    
    See section ‘The DESCRIPTION file’ in the ‘Writing R Extensions’
    manual.
Flavor: r-release-macos-arm64