Last updated on 2025-04-30 09:54:13 CEST.
Flavor | Version | Tinstall | Tcheck | Ttotal | Status | Flags |
---|---|---|---|---|---|---|
r-devel-linux-x86_64-debian-clang | 1.3.0 | 20.93 | 324.72 | 345.65 | NOTE | |
r-devel-linux-x86_64-debian-gcc | 1.3.0 | 10.03 | 189.17 | 199.20 | OK | |
r-devel-linux-x86_64-fedora-clang | 1.3.0 | 520.69 | OK | |||
r-devel-linux-x86_64-fedora-gcc | 1.3.0 | 532.12 | OK | |||
r-devel-windows-x86_64 | 1.3.0 | 17.00 | 481.00 | 498.00 | OK | |
r-patched-linux-x86_64 | 1.3.0 | 20.54 | 318.02 | 338.56 | OK | |
r-release-linux-x86_64 | 1.3.0 | 17.70 | 316.32 | 334.02 | OK | |
r-release-macos-arm64 | 1.3.0 | 144.00 | OK | |||
r-release-macos-x86_64 | 1.3.0 | 305.00 | OK | |||
r-release-windows-x86_64 | 1.3.0 | 20.00 | 472.00 | 492.00 | OK | |
r-oldrel-macos-arm64 | 1.3.0 | 141.00 | OK | |||
r-oldrel-macos-x86_64 | 1.3.0 | 219.00 | OK | |||
r-oldrel-windows-x86_64 | 1.3.0 | 26.00 | 478.00 | 504.00 | OK |
Version: 1.3.0
Check: examples
Result: NOTE
Examples with CPU (user + system) or elapsed time > 5s
user system elapsed
netgraph.crossnma.model 6.565 0.166 7.839
Flavor: r-devel-linux-x86_64-debian-clang