CRAN Package Check Results for Package crrp

Last updated on 2021-07-25 08:50:52 CEST.

Flavor Version Tinstall Tcheck Ttotal Status Flags
r-devel-linux-x86_64-debian-clang 1.0 9.34 63.90 73.24 NOTE
r-devel-linux-x86_64-debian-gcc 1.0 7.39 49.91 57.30 NOTE
r-devel-linux-x86_64-fedora-clang 1.0 95.63 NOTE
r-devel-linux-x86_64-fedora-gcc 1.0 85.54 NOTE
r-devel-windows-x86_64 1.0 11.00 65.00 76.00 NOTE
r-devel-windows-x86_64-gcc10-UCRT 1.0 NOTE
r-patched-linux-x86_64 1.0 9.11 62.78 71.89 NOTE
r-patched-solaris-x86 1.0 128.30 NOTE
r-release-linux-x86_64 1.0 8.80 62.64 71.44 NOTE
r-release-macos-arm64 1.0 NOTE
r-release-macos-x86_64 1.0 NOTE
r-release-windows-ix86+x86_64 1.0 21.00 90.00 111.00 NOTE
r-oldrel-macos-x86_64 1.0 NOTE
r-oldrel-windows-ix86+x86_64 1.0 21.00 82.00 103.00 NOTE

Additional issues

rchk

Check Details

Version: 1.0
Check: R code for possible problems
Result: NOTE
    crrp: no visible global function definition for 'approx'
    gcrrp: no visible global function definition for 'approx'
    Undefined global functions or variables:
     approx
    Consider adding
     importFrom("stats", "approx")
    to your NAMESPACE file.
Flavors: r-devel-linux-x86_64-debian-clang, r-devel-linux-x86_64-debian-gcc, r-devel-linux-x86_64-fedora-clang, r-devel-linux-x86_64-fedora-gcc, r-devel-windows-x86_64, r-devel-windows-x86_64-gcc10-UCRT, r-patched-linux-x86_64, r-patched-solaris-x86, r-release-linux-x86_64, r-release-macos-arm64, r-release-macos-x86_64, r-release-windows-ix86+x86_64, r-oldrel-macos-x86_64, r-oldrel-windows-ix86+x86_64

Version: 1.0
Check: compiled code
Result: NOTE
    File ‘crrp/libs/crrp.so’:
     Found no calls to: ‘R_registerRoutines’, ‘R_useDynamicSymbols’
    
    It is good practice to register native routines and to disable symbol
    search.
    
    See ‘Writing portable packages’ in the ‘Writing R Extensions’ manual.
Flavors: r-devel-linux-x86_64-fedora-clang, r-devel-linux-x86_64-fedora-gcc