Last updated on 2024-04-24 07:57:36 CEST.
Flavor | Version | Tinstall | Tcheck | Ttotal | Status | Flags |
---|---|---|---|---|---|---|
r-devel-linux-x86_64-debian-clang | 0.15-37 | 305.28 | 266.52 | 571.80 | OK | |
r-devel-linux-x86_64-debian-gcc | 0.15-37 | 284.93 | 193.21 | 478.14 | OK | |
r-devel-linux-x86_64-fedora-clang | 0.15-37 | 838.35 | OK | |||
r-devel-linux-x86_64-fedora-gcc | 0.15-37 | 827.42 | OK | |||
r-prerel-macos-arm64 | 0.15-37 | 226.00 | NOTE | |||
r-prerel-windows-x86_64 | 0.15-37 | 267.00 | 153.00 | 420.00 | OK | --no-vignettes |
r-patched-linux-x86_64 | 0.15-37 | 344.24 | 245.56 | 589.80 | OK | |
r-release-linux-x86_64 | 0.15-37 | 329.98 | 247.96 | 577.94 | OK | |
r-release-macos-arm64 | 0.15-37 | 340.00 | NOTE | |||
r-release-macos-x86_64 | 0.15-37 | 426.00 | NOTE | |||
r-release-windows-x86_64 | 0.15-37 | 329.00 | 212.00 | 541.00 | OK | --no-vignettes |
r-oldrel-macos-arm64 | 0.15-37 | 272.00 | NOTE | |||
r-oldrel-windows-x86_64 | 0.15-37 | 273.00 | 214.00 | 487.00 | OK | --no-vignettes |
Version: 0.15-37
Check: installed package size
Result: NOTE
installed size is 29.2Mb
sub-directories of 1Mb or more:
libs 27.6Mb
Flavors: r-prerel-macos-arm64, r-release-macos-arm64, r-release-macos-x86_64, r-oldrel-macos-arm64
Version: 0.15-37
Check: re-building of vignette outputs
Result: NOTE
Error(s) in re-building vignettes:
--- re-building ‘crs.Rnw’ using Sweave
Registered S3 method overwritten by 'crs':
method from
predict.gsl.bs np
Categorical Regression Splines (version 0.15-37)
[vignette("crs_faq") provides answers to frequently asked questions]
--- finished re-building ‘crs.Rnw’
--- re-building ‘crs_faq.Rnw’ using Sweave
--- finished re-building ‘crs_faq.Rnw’
--- re-building ‘spline_primer.Rnw’ using Sweave
Registered S3 method overwritten by 'crs':
method from
predict.gsl.bs np
Categorical Regression Splines (version 0.15-37)
[vignette("crs_faq") provides answers to frequently asked questions]
Error: processing vignette 'spline_primer.Rnw' failed with diagnostics:
Running 'texi2dvi' on 'spline_primer.tex' failed.
LaTeX errors:
! LaTeX Error: File `harvard.sty' not found.
Type X to quit or <RETURN> to proceed,
or enter new name. (Default extension: sty)
! Emergency stop.
<read *>
l.11 \usepackage
[utf8]{inputenc}^^M
! ==> Fatal error occurred, no output PDF file produced!
--- failed re-building ‘spline_primer.Rnw’
SUMMARY: processing the following file failed:
‘spline_primer.Rnw’
Error: Vignette re-building failed.
Execution halted
Flavor: r-release-macos-x86_64