Last updated on 2024-04-17 08:57:27 CEST.
Flavor | Version | Tinstall | Tcheck | Ttotal | Status | Flags |
---|---|---|---|---|---|---|
r-devel-linux-x86_64-debian-clang | 0.2.3 | 13.47 | 114.81 | 128.28 | OK | |
r-devel-linux-x86_64-debian-gcc | 0.2.3 | 10.11 | 84.88 | 94.99 | OK | |
r-devel-linux-x86_64-fedora-clang | 0.2.3 | 159.21 | NOTE | |||
r-devel-linux-x86_64-fedora-gcc | 0.2.3 | 174.88 | NOTE | |||
r-prerel-macos-arm64 | 0.2.3 | 53.00 | OK | |||
r-prerel-windows-x86_64 | 0.2.3 | 12.00 | 101.00 | 113.00 | OK | |
r-patched-linux-x86_64 | 0.2.3 | 14.98 | 108.42 | 123.40 | OK | |
r-release-linux-x86_64 | 0.2.3 | 12.92 | 108.34 | 121.26 | OK | |
r-release-macos-arm64 | 0.2.3 | 56.00 | OK | |||
r-release-macos-x86_64 | 0.2.3 | 87.00 | OK | |||
r-release-windows-x86_64 | 0.2.3 | 14.00 | 119.00 | 133.00 | OK | |
r-oldrel-macos-arm64 | 0.2.3 | 45.00 | NOTE | |||
r-oldrel-windows-x86_64 | 0.2.3 | 15.00 | 121.00 | 136.00 | OK |
Version: 0.2.3
Check: data for non-ASCII characters
Result: NOTE
Note: found 500 marked UTF-8 strings
Flavors: r-devel-linux-x86_64-fedora-clang, r-devel-linux-x86_64-fedora-gcc, r-oldrel-macos-arm64