Last updated on 2024-03-12 07:49:50 CET.
Flavor | Version | Tinstall | Tcheck | Ttotal | Status | Flags |
---|---|---|---|---|---|---|
r-devel-linux-x86_64-debian-clang | 1.2-2.1 | 8.56 | 69.92 | 78.48 | NOTE | |
r-devel-linux-x86_64-debian-gcc | 1.2-2.1 | 6.80 | 54.33 | 61.13 | NOTE | |
r-devel-linux-x86_64-fedora-clang | 1.2-2.1 | 95.89 | NOTE | |||
r-devel-linux-x86_64-fedora-gcc | 1.2-2.1 | 92.57 | NOTE | |||
r-devel-windows-x86_64 | 1.2-2.1 | 8.00 | 68.00 | 76.00 | NOTE | |
r-patched-linux-x86_64 | 1.2-2.1 | 8.29 | 69.21 | 77.50 | NOTE | |
r-release-linux-x86_64 | 1.2-2.1 | 5.34 | 71.03 | 76.37 | NOTE | |
r-release-macos-arm64 | 1.2-2.1 | 34.00 | NOTE | |||
r-release-macos-x86_64 | 1.2-2.1 | 51.00 | NOTE | |||
r-release-windows-x86_64 | 1.2-2.1 | 9.00 | 74.00 | 83.00 | NOTE | |
r-oldrel-macos-arm64 | 1.2-2.1 | 29.00 | NOTE | |||
r-oldrel-windows-x86_64 | 1.2-2.1 | 9.00 | 85.00 | 94.00 | NOTE |
Version: 1.2-2.1
Check: LazyData
Result: NOTE
'LazyData' is specified without a 'data' directory
Flavors: r-devel-linux-x86_64-debian-clang, r-devel-linux-x86_64-debian-gcc, r-devel-linux-x86_64-fedora-clang, r-devel-linux-x86_64-fedora-gcc, r-devel-windows-x86_64, r-patched-linux-x86_64, r-release-linux-x86_64, r-release-macos-arm64, r-release-macos-x86_64, r-release-windows-x86_64, r-oldrel-macos-arm64, r-oldrel-windows-x86_64