CRAN Package Check Results for Package csmpv

Last updated on 2024-12-30 07:50:02 CET.

Flavor Version Tinstall Tcheck Ttotal Status Flags
r-devel-linux-x86_64-debian-clang 1.0.3 16.53 446.30 462.83 OK
r-devel-linux-x86_64-debian-gcc 1.0.3 11.57 291.43 303.00 OK
r-devel-linux-x86_64-fedora-clang 1.0.3 757.35 OK
r-devel-linux-x86_64-fedora-gcc 1.0.3 720.72 OK
r-devel-windows-x86_64 1.0.3 17.00 364.00 381.00 OK
r-patched-linux-x86_64 1.0.3 16.33 418.80 435.13 OK
r-release-linux-x86_64 1.0.3 14.28 421.40 435.68 OK
r-release-macos-arm64 1.0.3 148.00 NOTE
r-release-macos-x86_64 1.0.3 244.00 NOTE
r-release-windows-x86_64 1.0.3 17.00 346.00 363.00 NOTE
r-oldrel-macos-arm64 1.0.3 128.00 NOTE
r-oldrel-macos-x86_64 1.0.3 186.00 NOTE
r-oldrel-windows-x86_64 1.0.3 22.00 443.00 465.00 NOTE

Check Details

Version: 1.0.3
Check: installed package size
Result: NOTE installed size is 8.1Mb sub-directories of 1Mb or more: doc 7.9Mb Flavors: r-release-macos-arm64, r-release-macos-x86_64, r-release-windows-x86_64, r-oldrel-macos-arm64, r-oldrel-macos-x86_64, r-oldrel-windows-x86_64