Last updated on 2024-03-12 07:49:50 CET.
Flavor | Version | Tinstall | Tcheck | Ttotal | Status | Flags |
---|---|---|---|---|---|---|
r-devel-linux-x86_64-debian-clang | 0.2.5 | 15.51 | 118.43 | 133.94 | OK | |
r-devel-linux-x86_64-debian-gcc | 0.2.5 | 12.59 | 93.23 | 105.82 | OK | |
r-devel-linux-x86_64-fedora-clang | 0.2.5 | 166.65 | NOTE | |||
r-devel-linux-x86_64-fedora-gcc | 0.2.5 | 170.13 | NOTE | |||
r-devel-windows-x86_64 | 0.2.5 | 13.00 | 104.00 | 117.00 | OK | |
r-patched-linux-x86_64 | 0.2.5 | 8.64 | 116.38 | 125.02 | OK | |
r-release-linux-x86_64 | 0.2.5 | 11.45 | 116.75 | 128.20 | OK | |
r-release-macos-arm64 | 0.2.5 | 55.00 | OK | |||
r-release-macos-x86_64 | 0.2.5 | 93.00 | OK | |||
r-release-windows-x86_64 | 0.2.5 | 18.00 | 122.00 | 140.00 | OK | |
r-oldrel-macos-arm64 | 0.2.5 | 64.00 | NOTE | |||
r-oldrel-windows-x86_64 | 0.2.5 | 19.00 | 132.00 | 151.00 | OK |
Version: 0.2.5
Check: data for non-ASCII characters
Result: NOTE
Note: found 1350 marked UTF-8 strings
Flavors: r-devel-linux-x86_64-fedora-clang, r-devel-linux-x86_64-fedora-gcc, r-oldrel-macos-arm64