Last updated on 2024-04-23 08:57:43 CEST.
Flavor | Version | Tinstall | Tcheck | Ttotal | Status | Flags |
---|---|---|---|---|---|---|
r-devel-linux-x86_64-debian-clang | 0.1-4 | 13.91 | 85.57 | 99.48 | OK | |
r-devel-linux-x86_64-debian-gcc | 0.1-4 | 10.29 | 63.17 | 73.46 | OK | |
r-devel-linux-x86_64-fedora-clang | 0.1-4 | 128.87 | OK | |||
r-devel-linux-x86_64-fedora-gcc | 0.1-4 | 138.84 | OK | |||
r-prerel-macos-arm64 | 0.1-4 | 45.00 | NOTE | |||
r-prerel-windows-x86_64 | 0.1-4 | 24.00 | 106.00 | 130.00 | OK | |
r-patched-linux-x86_64 | 0.1-4 | 13.37 | 79.90 | 93.27 | OK | |
r-release-linux-x86_64 | 0.1-4 | 11.37 | 81.43 | 92.80 | OK | |
r-release-macos-arm64 | 0.1-4 | 50.00 | NOTE | |||
r-release-macos-x86_64 | 0.1-4 | 74.00 | NOTE | |||
r-release-windows-x86_64 | 0.1-4 | 28.00 | 111.00 | 139.00 | OK | |
r-oldrel-macos-arm64 | 0.1-4 | 41.00 | NOTE | |||
r-oldrel-windows-x86_64 | 0.1-4 | 18.00 | 114.00 | 132.00 | OK |
Version: 0.1-4
Check: package dependencies
Result: NOTE
Package which this enhances but not available for checking: ‘pbdMPI’
Flavors: r-prerel-macos-arm64, r-release-macos-arm64, r-release-macos-x86_64, r-oldrel-macos-arm64