CRAN Package Check Results for Package cvTools

Last updated on 2021-06-21 08:49:45 CEST.

Flavor Version Tinstall Tcheck Ttotal Status Flags
r-devel-linux-x86_64-debian-clang 0.3.2 4.69 120.31 125.00 NOTE
r-devel-linux-x86_64-debian-gcc 0.3.2 3.32 90.61 93.93 NOTE
r-devel-linux-x86_64-fedora-clang 0.3.2 153.92 NOTE
r-devel-linux-x86_64-fedora-gcc 0.3.2 144.89 NOTE
r-devel-windows-x86_64 0.3.2 7.00 132.00 139.00 NOTE
r-devel-windows-x86_64-gcc10-UCRT 0.3.2 NOTE
r-patched-linux-x86_64 0.3.2 5.48 115.46 120.94 NOTE
r-patched-solaris-x86 0.3.2 215.60 NOTE
r-release-linux-x86_64 0.3.2 4.27 115.88 120.15 NOTE
r-release-macos-arm64 0.3.2 NOTE
r-release-macos-x86_64 0.3.2 NOTE
r-release-windows-ix86+x86_64 0.3.2 9.00 141.00 150.00 NOTE
r-oldrel-macos-x86_64 0.3.2 NOTE
r-oldrel-windows-ix86+x86_64 0.3.2 8.00 0.00 8.00 NOTE

Check Details

Version: 0.3.2
Check: DESCRIPTION meta-information
Result: NOTE
    Packages listed in more than one of Depends, Imports, Suggests, Enhances:
     'lattice' 'robustbase'
    A package should be listed in only one of these fields.
Flavors: r-devel-linux-x86_64-debian-clang, r-devel-linux-x86_64-debian-gcc, r-devel-linux-x86_64-fedora-clang, r-devel-linux-x86_64-fedora-gcc, r-devel-windows-x86_64, r-devel-windows-x86_64-gcc10-UCRT, r-patched-linux-x86_64, r-patched-solaris-x86, r-release-linux-x86_64, r-release-macos-arm64, r-release-macos-x86_64, r-release-windows-ix86+x86_64, r-oldrel-macos-x86_64, r-oldrel-windows-ix86+x86_64