Last updated on 2025-01-25 07:50:22 CET.
Flavor | Version | Tinstall | Tcheck | Ttotal | Status | Flags |
---|---|---|---|---|---|---|
r-devel-linux-x86_64-debian-clang | 1.6.3 | 17.00 | 429.65 | 446.65 | OK | |
r-devel-linux-x86_64-debian-gcc | 1.6.3 | 11.36 | 299.08 | 310.44 | OK | |
r-devel-linux-x86_64-fedora-clang | 1.6.3 | 774.31 | OK | |||
r-devel-linux-x86_64-fedora-gcc | 1.6.3 | 673.55 | OK | |||
r-devel-windows-x86_64 | 1.6.3 | 20.00 | 374.00 | 394.00 | OK | |
r-patched-linux-x86_64 | 1.6.3 | 20.37 | 399.74 | 420.11 | OK | |
r-release-linux-x86_64 | 1.6.3 | 15.34 | 405.10 | 420.44 | OK | |
r-release-macos-arm64 | 1.6.3 | 189.00 | OK | |||
r-release-macos-x86_64 | 1.6.3 | 317.00 | OK | |||
r-release-windows-x86_64 | 1.6.3 | 18.00 | 371.00 | 389.00 | OK | |
r-oldrel-macos-arm64 | 1.6.3 | 191.00 | OK | |||
r-oldrel-macos-x86_64 | 1.6.3 | 414.00 | NOTE | |||
r-oldrel-windows-x86_64 | 1.6.3 | 25.00 | 510.00 | 535.00 | OK |
Version: 1.6.3
Check: installed package size
Result: NOTE
installed size is 5.8Mb
sub-directories of 1Mb or more:
data 2.1Mb
doc 2.4Mb
Flavor: r-oldrel-macos-x86_64