Last updated on 2024-08-31 08:48:09 CEST.
Flavor | Version | Tinstall | Tcheck | Ttotal | Status | Flags |
---|---|---|---|---|---|---|
r-devel-linux-x86_64-debian-clang | 1.0.42 | 6.17 | 45.94 | 52.11 | OK | |
r-devel-linux-x86_64-debian-gcc | 1.0.42 | 4.42 | 34.42 | 38.84 | OK | |
r-devel-linux-x86_64-fedora-clang | 1.0.42 | 83.71 | NOTE | |||
r-devel-linux-x86_64-fedora-gcc | 1.0.42 | 91.27 | OK | |||
r-devel-windows-x86_64 | 1.0.42 | 10.00 | 65.00 | 75.00 | NOTE | |
r-patched-linux-x86_64 | 1.0.42 | 5.68 | 43.85 | 49.53 | OK | |
r-release-linux-x86_64 | 1.0.42 | 5.83 | 44.13 | 49.96 | OK | |
r-release-macos-arm64 | 1.0.42 | 34.00 | NOTE | |||
r-release-macos-x86_64 | 1.0.42 | 51.00 | NOTE | |||
r-release-windows-x86_64 | 1.0.42 | 11.00 | 77.00 | 88.00 | NOTE | |
r-oldrel-macos-arm64 | 1.0.42 | 37.00 | NOTE | |||
r-oldrel-macos-x86_64 | 1.0.42 | 46.00 | NOTE | |||
r-oldrel-windows-x86_64 | 1.0.42 | 10.00 | 75.00 | 85.00 | NOTE |
Version: 1.0.42
Check: installed package size
Result: NOTE
installed size is 5.9Mb
sub-directories of 1Mb or more:
docs 1.0Mb
extdata 1.4Mb
htmlwidgets 1.5Mb
Flavors: r-devel-linux-x86_64-fedora-clang, r-devel-windows-x86_64, r-release-macos-arm64, r-release-macos-x86_64, r-release-windows-x86_64, r-oldrel-macos-arm64, r-oldrel-macos-x86_64, r-oldrel-windows-x86_64