Last updated on 2024-05-02 08:57:37 CEST.
Flavor | Version | Tinstall | Tcheck | Ttotal | Status | Flags |
---|---|---|---|---|---|---|
r-devel-linux-x86_64-debian-clang | 0.1.0 | 5.43 | 88.17 | 93.60 | OK | |
r-devel-linux-x86_64-debian-gcc | 0.1.0 | 4.88 | 68.46 | 73.34 | OK | |
r-devel-linux-x86_64-fedora-clang | 0.1.0 | 121.74 | NOTE | |||
r-devel-linux-x86_64-fedora-gcc | 0.1.0 | 114.70 | NOTE | |||
r-devel-windows-x86_64 | 0.1.0 | 7.00 | 88.00 | 95.00 | OK | |
r-patched-linux-x86_64 | 0.1.0 | 7.21 | 88.28 | 95.49 | OK | |
r-release-linux-x86_64 | 0.1.0 | 5.41 | 85.30 | 90.71 | OK | |
r-release-macos-arm64 | 0.1.0 | 41.00 | OK | |||
r-release-windows-x86_64 | 0.1.0 | 9.00 | 87.00 | 96.00 | OK | |
r-oldrel-macos-arm64 | 0.1.0 | 44.00 | OK | |||
r-oldrel-macos-x86_64 | 0.1.0 | 69.00 | OK | |||
r-oldrel-windows-x86_64 | 0.1.0 | 9.00 | 104.00 | 113.00 | OK |
Version: 0.1.0
Check: data for non-ASCII characters
Result: NOTE
Note: found 109157 marked UTF-8 strings
Flavors: r-devel-linux-x86_64-fedora-clang, r-devel-linux-x86_64-fedora-gcc