CRAN Package Check Results for Package dagirlite

Last updated on 2023-02-09 07:56:45 CET.

Flavor Version Tinstall Tcheck Ttotal Status Flags
r-devel-linux-x86_64-debian-clang 0.1.0 2.10 30.03 32.13 OK
r-devel-linux-x86_64-debian-gcc 0.1.0 1.93 23.37 25.30 OK
r-devel-linux-x86_64-fedora-clang 0.1.0 39.59 NOTE
r-devel-linux-x86_64-fedora-gcc 0.1.0 38.66 NOTE
r-devel-windows-x86_64 0.1.0 37.00 59.00 96.00 OK
r-patched-linux-x86_64 0.1.0 1.80 29.68 31.48 OK
r-release-linux-x86_64 0.1.0 2.19 29.29 31.48 OK
r-release-macos-arm64 0.1.0 16.00 NOTE
r-release-macos-x86_64 0.1.0 25.00 NOTE
r-release-windows-x86_64 0.1.0 19.00 61.00 80.00 OK
r-oldrel-macos-arm64 0.1.0 16.00 NOTE
r-oldrel-macos-x86_64 0.1.0 24.00 NOTE
r-oldrel-windows-ix86+x86_64 0.1.0 7.00 53.00 60.00 OK

Check Details

Version: 0.1.0
Check: dependencies in R code
Result: NOTE
    Namespace in Imports field not imported from: ‘knitr’
     All declared Imports should be used.
Flavors: r-devel-linux-x86_64-fedora-clang, r-devel-linux-x86_64-fedora-gcc, r-release-macos-arm64, r-release-macos-x86_64, r-oldrel-macos-arm64, r-oldrel-macos-x86_64

Version: 0.1.0
Check: data for non-ASCII characters
Result: NOTE
     Note: found 212 marked Latin-1 strings
     Note: found 12719 marked UTF-8 strings
Flavors: r-devel-linux-x86_64-fedora-clang, r-devel-linux-x86_64-fedora-gcc, r-release-macos-arm64, r-release-macos-x86_64, r-oldrel-macos-arm64, r-oldrel-macos-x86_64