CRAN Package Check Results for Package dann

Last updated on 2021-05-06 08:49:17 CEST.

Flavor Version Tinstall Tcheck Ttotal Status Flags
r-devel-linux-x86_64-debian-clang 0.2.2 40.26 167.67 207.93 NOTE
r-devel-linux-x86_64-debian-gcc 0.2.2 26.20 112.76 138.96 NOTE
r-devel-linux-x86_64-fedora-clang 0.2.2 264.10 NOTE
r-devel-linux-x86_64-fedora-gcc 0.2.2 248.85 NOTE
r-devel-windows-ix86+x86_64 0.2.2 94.00 316.00 410.00 NOTE
r-devel-windows-x86_64-gcc10-UCRT 0.2.2 NOTE
r-patched-linux-x86_64 0.2.2 27.74 159.49 187.23 NOTE
r-patched-solaris-x86 0.2.2 304.70 OK
r-release-linux-x86_64 0.2.2 30.89 158.52 189.41 OK
r-release-macos-x86_64 0.2.2 OK
r-release-windows-ix86+x86_64 0.2.2 65.00 225.00 290.00 OK
r-oldrel-macos-x86_64 0.2.2 OK
r-oldrel-windows-ix86+x86_64 0.2.2 81.00 298.00 379.00 OK

Check Details

Version: 0.2.2
Check: LazyData
Result: NOTE
     'LazyData' is specified without a 'data' directory
Flavors: r-devel-linux-x86_64-debian-clang, r-devel-linux-x86_64-debian-gcc, r-devel-linux-x86_64-fedora-clang, r-devel-linux-x86_64-fedora-gcc, r-devel-windows-ix86+x86_64, r-devel-windows-x86_64-gcc10-UCRT, r-patched-linux-x86_64