Last updated on 2024-04-23 08:57:43 CEST.
Flavor | Version | Tinstall | Tcheck | Ttotal | Status | Flags |
---|---|---|---|---|---|---|
r-devel-linux-x86_64-debian-clang | 1.0.2 | 11.36 | 103.83 | 115.19 | NOTE | |
r-devel-linux-x86_64-debian-gcc | 1.0.2 | 7.52 | 78.06 | 85.58 | NOTE | |
r-devel-linux-x86_64-fedora-clang | 1.0.2 | 142.50 | NOTE | |||
r-devel-linux-x86_64-fedora-gcc | 1.0.2 | 147.81 | NOTE | |||
r-prerel-macos-arm64 | 1.0.2 | 54.00 | NOTE | |||
r-prerel-windows-x86_64 | 1.0.2 | 11.00 | 116.00 | 127.00 | NOTE | |
r-patched-linux-x86_64 | 1.0.2 | 20.04 | 101.14 | 121.18 | NOTE | |
r-release-linux-x86_64 | 1.0.2 | 6.15 | 97.93 | 104.08 | OK | |
r-release-macos-arm64 | 1.0.2 | 54.00 | OK | |||
r-release-macos-x86_64 | 1.0.2 | 83.00 | OK | |||
r-release-windows-x86_64 | 1.0.2 | 14.00 | 126.00 | 140.00 | OK | |
r-oldrel-macos-arm64 | 1.0.2 | 49.00 | OK | |||
r-oldrel-windows-x86_64 | 1.0.2 | 13.00 | 123.00 | 136.00 | OK |
Version: 1.0.2
Check: Rd files
Result: NOTE
checkRd: (-1) defaultFactorSummaries.Rd:29: Lost braces
29 | code{\link{variableType}}, \code{\link{countMissing}}, \code{\link{uniqueValues}},
| ^
Flavors: r-devel-linux-x86_64-debian-clang, r-devel-linux-x86_64-debian-gcc, r-devel-linux-x86_64-fedora-clang, r-devel-linux-x86_64-fedora-gcc, r-prerel-macos-arm64, r-prerel-windows-x86_64, r-patched-linux-x86_64