Last updated on 2024-08-31 08:48:09 CEST.
Flavor | Version | Tinstall | Tcheck | Ttotal | Status | Flags |
---|---|---|---|---|---|---|
r-devel-linux-x86_64-debian-clang | 1.0.4 | 13.28 | 47.11 | 60.39 | OK | |
r-devel-linux-x86_64-debian-gcc | 1.0.4 | 8.49 | 33.04 | 41.53 | OK | |
r-devel-linux-x86_64-fedora-clang | 1.0.4 | 57.91 | NOTE | |||
r-devel-linux-x86_64-fedora-gcc | 1.0.4 | 58.47 | NOTE | |||
r-devel-windows-x86_64 | 1.0.4 | 16.00 | 89.00 | 105.00 | NOTE | |
r-patched-linux-x86_64 | 1.0.4 | 13.47 | 45.11 | 58.58 | OK | |
r-release-linux-x86_64 | 1.0.4 | 12.10 | 44.88 | 56.98 | OK | |
r-release-macos-arm64 | 1.0.4 | 36.00 | WARN | |||
r-release-macos-x86_64 | 1.0.4 | 70.00 | WARN | |||
r-release-windows-x86_64 | 1.0.4 | 22.00 | 104.00 | 126.00 | NOTE | |
r-oldrel-macos-arm64 | 1.0.4 | 42.00 | WARN | |||
r-oldrel-macos-x86_64 | 1.0.4 | 61.00 | WARN | |||
r-oldrel-windows-x86_64 | 1.0.4 | 21.00 | 102.00 | 123.00 | WARN |
Version: 1.0.4
Check: installed package size
Result: NOTE
installed size is 5.4Mb
sub-directories of 1Mb or more:
data 5.0Mb
Flavors: r-devel-linux-x86_64-fedora-clang, r-devel-windows-x86_64, r-release-macos-arm64, r-release-macos-x86_64, r-release-windows-x86_64, r-oldrel-macos-arm64, r-oldrel-macos-x86_64, r-oldrel-windows-x86_64
Version: 1.0.4
Check: data for non-ASCII characters
Result: NOTE
Note: found 135342 marked Latin-1 strings
Flavors: r-devel-linux-x86_64-fedora-clang, r-devel-linux-x86_64-fedora-gcc
Version: 1.0.4
Check: LazyData
Result: WARN
LazyData DB of 5.1 MB without LazyDataCompression set
See ยง1.1.6 of 'Writing R Extensions'
Flavors: r-release-macos-arm64, r-release-macos-x86_64, r-oldrel-macos-arm64, r-oldrel-macos-x86_64, r-oldrel-windows-x86_64