CRAN Package Check Results for Package dclust

Last updated on 2024-06-20 08:54:45 CEST.

Flavor Version Tinstall Tcheck Ttotal Status Flags
r-devel-linux-x86_64-debian-clang 0.1.0 3.48 32.37 35.85 NOTE
r-devel-linux-x86_64-debian-gcc 0.1.0 2.29 24.75 27.04 NOTE
r-devel-linux-x86_64-fedora-clang 0.1.0 44.57 NOTE
r-devel-linux-x86_64-fedora-gcc 0.1.0 47.93 NOTE
r-devel-windows-x86_64 0.1.0 4.00 44.00 48.00 NOTE
r-patched-linux-x86_64 0.1.0 2.74 31.72 34.46 NOTE
r-release-linux-x86_64 0.1.0 2.69 30.55 33.24 NOTE
r-release-macos-arm64 0.1.0 18.00 NOTE
r-release-macos-x86_64 0.1.0 24.00 NOTE
r-release-windows-x86_64 0.1.0 4.00 46.00 50.00 NOTE
r-oldrel-macos-arm64 0.1.0 18.00 NOTE
r-oldrel-macos-x86_64 0.1.0 25.00 NOTE
r-oldrel-windows-x86_64 0.1.0 4.00 46.00 50.00 NOTE

Check Details

Version: 0.1.0
Check: LazyData
Result: NOTE 'LazyData' is specified without a 'data' directory Flavors: r-devel-linux-x86_64-debian-clang, r-devel-linux-x86_64-debian-gcc, r-devel-linux-x86_64-fedora-clang, r-devel-linux-x86_64-fedora-gcc, r-devel-windows-x86_64, r-patched-linux-x86_64, r-release-linux-x86_64, r-release-macos-arm64, r-release-macos-x86_64, r-release-windows-x86_64, r-oldrel-macos-arm64, r-oldrel-macos-x86_64, r-oldrel-windows-x86_64