CRAN Package Check Results for Package ddpcr

Last updated on 2024-06-16 08:55:48 CEST.

Flavor Version Tinstall Tcheck Ttotal Status Flags
r-devel-linux-x86_64-debian-clang 1.15.2 10.34 222.83 233.17 NOTE
r-devel-linux-x86_64-debian-gcc 1.15.2 6.66 156.50 163.16 NOTE
r-devel-linux-x86_64-fedora-clang 1.15.2 274.84 NOTE
r-devel-linux-x86_64-fedora-gcc 1.15.2 281.91 NOTE
r-devel-windows-x86_64 1.15.2 9.00 244.00 253.00 NOTE
r-patched-linux-x86_64 1.15.2 11.47 204.73 216.20 NOTE
r-release-linux-x86_64 1.15.2 9.83 207.84 217.67 NOTE
r-release-macos-arm64 1.15.2 83.00 NOTE
r-release-macos-x86_64 1.15.2 183.00 NOTE
r-release-windows-x86_64 1.15.2 13.00 296.00 309.00 NOTE
r-oldrel-macos-arm64 1.15.2 91.00 OK
r-oldrel-macos-x86_64 1.15.2 196.00 OK
r-oldrel-windows-x86_64 1.15.2 12.00 319.00 331.00 OK

Check Details

Version: 1.15.2
Check: Rd files
Result: NOTE checkRd: (-1) plot.ddpcr_plate.Rd:136-137: Lost braces in \itemize; meant \describe ? checkRd: (-1) plot.ddpcr_plate.Rd:138-139: Lost braces in \itemize; meant \describe ? checkRd: (-1) plot.ddpcr_plate.Rd:140-141: Lost braces in \itemize; meant \describe ? Flavors: r-devel-linux-x86_64-debian-clang, r-devel-linux-x86_64-debian-gcc, r-devel-linux-x86_64-fedora-clang, r-devel-linux-x86_64-fedora-gcc, r-devel-windows-x86_64, r-patched-linux-x86_64, r-release-linux-x86_64, r-release-macos-arm64, r-release-macos-x86_64, r-release-windows-x86_64

Version: 1.15.2
Check: dependencies in R code
Result: NOTE Namespace in Imports field not imported from: ‘shinydisconnect’ All declared Imports should be used. Flavors: r-devel-linux-x86_64-fedora-clang, r-devel-linux-x86_64-fedora-gcc