Last updated on 2024-04-19 08:54:36 CEST.
Flavor | Version | Tinstall | Tcheck | Ttotal | Status | Flags |
---|---|---|---|---|---|---|
r-devel-linux-x86_64-debian-clang | 1.1.2 | 3.61 | 33.08 | 36.69 | NOTE | |
r-devel-linux-x86_64-debian-gcc | 1.1.2 | NOTE | ||||
r-devel-linux-x86_64-fedora-clang | 1.1.2 | 44.82 | NOTE | |||
r-devel-linux-x86_64-fedora-gcc | 1.1.2 | 42.64 | NOTE | |||
r-prerel-macos-arm64 | 1.1.2 | 19.00 | NOTE | |||
r-prerel-windows-x86_64 | 1.1.2 | 5.00 | 45.00 | 50.00 | NOTE | |
r-patched-linux-x86_64 | 1.1.2 | 3.18 | 31.49 | 34.67 | NOTE | |
r-release-linux-x86_64 | 1.1.2 | 3.43 | 31.28 | 34.71 | NOTE | |
r-release-macos-arm64 | 1.1.2 | 18.00 | NOTE | |||
r-release-macos-x86_64 | 1.1.2 | 24.00 | NOTE | |||
r-release-windows-x86_64 | 1.1.2 | 5.00 | 48.00 | 53.00 | NOTE | |
r-oldrel-macos-arm64 | 1.1.2 | 18.00 | NOTE | |||
r-oldrel-windows-x86_64 | 1.1.2 | 5.00 | 51.00 | 56.00 | NOTE |
Version: 1.1.2
Check: LazyData
Result: NOTE
'LazyData' is specified without a 'data' directory
Flavors: r-devel-linux-x86_64-debian-clang, r-devel-linux-x86_64-debian-gcc, r-devel-linux-x86_64-fedora-clang, r-devel-linux-x86_64-fedora-gcc, r-prerel-macos-arm64, r-prerel-windows-x86_64, r-patched-linux-x86_64, r-release-linux-x86_64, r-release-macos-arm64, r-release-macos-x86_64, r-release-windows-x86_64, r-oldrel-macos-arm64, r-oldrel-windows-x86_64