Last updated on 2024-05-02 08:57:38 CEST.
Flavor | Version | Tinstall | Tcheck | Ttotal | Status | Flags |
---|---|---|---|---|---|---|
r-devel-linux-x86_64-debian-clang | 0.1 | 3.50 | 41.38 | 44.88 | NOTE | |
r-devel-linux-x86_64-debian-gcc | 0.1 | 3.12 | 31.19 | 34.31 | NOTE | |
r-devel-linux-x86_64-fedora-clang | 0.1 | 57.89 | NOTE | |||
r-devel-linux-x86_64-fedora-gcc | 0.1 | 66.07 | NOTE | |||
r-devel-windows-x86_64 | 0.1 | 5.00 | 52.00 | 57.00 | NOTE | |
r-patched-linux-x86_64 | 0.1 | 3.54 | 39.87 | 43.41 | NOTE | |
r-release-linux-x86_64 | 0.1 | 3.45 | 39.53 | 42.98 | NOTE | |
r-release-macos-arm64 | 0.1 | 27.00 | NOTE | |||
r-release-windows-x86_64 | 0.1 | 5.00 | 52.00 | 57.00 | NOTE | |
r-oldrel-macos-arm64 | 0.1 | 26.00 | NOTE | |||
r-oldrel-macos-x86_64 | 0.1 | 40.00 | NOTE | |||
r-oldrel-windows-x86_64 | 0.1 | 6.00 | 55.00 | 61.00 | NOTE |
Version: 0.1
Check: LazyData
Result: NOTE
'LazyData' is specified without a 'data' directory
Flavors: r-devel-linux-x86_64-debian-clang, r-devel-linux-x86_64-debian-gcc, r-devel-linux-x86_64-fedora-clang, r-devel-linux-x86_64-fedora-gcc, r-devel-windows-x86_64, r-patched-linux-x86_64, r-release-linux-x86_64, r-release-macos-arm64, r-release-windows-x86_64, r-oldrel-macos-arm64, r-oldrel-macos-x86_64, r-oldrel-windows-x86_64