CRAN Package Check Results for Package densitr

Last updated on 2021-05-14 09:50:48 CEST.

Flavor Version Tinstall Tcheck Ttotal Status Flags
r-devel-linux-x86_64-debian-clang 0.1.0 3.37 239.82 243.19 NOTE
r-devel-linux-x86_64-debian-gcc 0.1.0 2.61 193.74 196.35 NOTE
r-devel-linux-x86_64-fedora-clang 0.1.0 306.89 NOTE
r-devel-linux-x86_64-fedora-gcc 0.1.0 290.39 NOTE
r-devel-windows-ix86+x86_64 0.1.0 6.00 248.00 254.00 NOTE
r-devel-windows-x86_64-gcc10-UCRT 0.1.0 NOTE
r-patched-linux-x86_64 0.1.0 3.30 235.58 238.88 NOTE
r-patched-solaris-x86 0.1.0 383.50 NOTE
r-release-linux-x86_64 0.1.0 2.83 238.04 240.87 OK
r-release-macos-x86_64 0.1.0 OK
r-release-windows-ix86+x86_64 0.1.0 6.00 285.00 291.00 OK
r-oldrel-macos-x86_64 0.1.0 OK
r-oldrel-windows-ix86+x86_64 0.1.0 5.00 286.00 291.00 OK

Check Details

Version: 0.1.0
Check: LazyData
Result: NOTE
     'LazyData' is specified without a 'data' directory
Flavors: r-devel-linux-x86_64-debian-clang, r-devel-linux-x86_64-debian-gcc, r-devel-linux-x86_64-fedora-clang, r-devel-linux-x86_64-fedora-gcc, r-devel-windows-ix86+x86_64, r-devel-windows-x86_64-gcc10-UCRT, r-patched-linux-x86_64, r-patched-solaris-x86