CRAN Package Check Results for Package deseats

Last updated on 2024-04-22 08:51:21 CEST.

Flavor Version Tinstall Tcheck Ttotal Status Flags
r-devel-linux-x86_64-debian-clang 1.0.0 98.38 89.20 187.58 OK
r-devel-linux-x86_64-debian-gcc 1.0.0 81.61 66.14 147.75 OK
r-devel-linux-x86_64-fedora-clang 1.0.0 265.56 NOTE
r-devel-linux-x86_64-fedora-gcc 1.0.0 259.26 OK
r-prerel-macos-arm64 1.0.0 53.00 NOTE
r-prerel-windows-x86_64 1.0.0 79.00 116.00 195.00 OK
r-patched-linux-x86_64 1.0.0 102.77 85.21 187.98 OK
r-release-linux-x86_64 1.0.0 96.74 85.67 182.41 OK
r-release-macos-arm64 1.0.0 69.00 NOTE
r-release-macos-x86_64 1.0.0 106.00 NOTE
r-release-windows-x86_64 1.0.0 99.00 135.00 234.00 OK
r-oldrel-macos-arm64 1.0.0 71.00 NOTE
r-oldrel-windows-x86_64 1.0.0 97.00 125.00 222.00 OK

Check Details

Version: 1.0.0
Check: Rd cross-references
Result: NOTE Undeclared package ‘RcppArmadillo’ in Rd xrefs Flavor: r-devel-linux-x86_64-fedora-clang

Version: 1.0.0
Check: installed package size
Result: NOTE installed size is 5.8Mb sub-directories of 1Mb or more: libs 5.0Mb Flavors: r-prerel-macos-arm64, r-release-macos-arm64, r-release-macos-x86_64, r-oldrel-macos-arm64