Last updated on 2024-07-27 08:49:17 CEST.
Flavor | Version | Tinstall | Tcheck | Ttotal | Status | Flags |
---|---|---|---|---|---|---|
r-devel-linux-x86_64-debian-clang | 0.1.13 | 12.03 | 126.16 | 138.19 | OK | |
r-devel-linux-x86_64-debian-gcc | 0.1.13 | OK | ||||
r-devel-linux-x86_64-fedora-clang | 0.1.13 | 175.46 | NOTE | |||
r-devel-linux-x86_64-fedora-gcc | 0.1.13 | 179.63 | NOTE | |||
r-devel-windows-x86_64 | 0.1.13 | 12.00 | 106.00 | 118.00 | OK | |
r-patched-linux-x86_64 | 0.1.13 | OK | ||||
r-release-linux-x86_64 | 0.1.13 | 10.62 | 122.16 | 132.78 | OK | |
r-release-macos-arm64 | 0.1.13 | 62.00 | OK | |||
r-release-macos-x86_64 | 0.1.13 | 83.00 | OK | |||
r-release-windows-x86_64 | 0.1.13 | 12.00 | 107.00 | 119.00 | OK | |
r-oldrel-macos-arm64 | 0.1.13 | 57.00 | OK | |||
r-oldrel-macos-x86_64 | 0.1.13 | 165.00 | OK | |||
r-oldrel-windows-x86_64 | 0.1.13 | 16.00 | 128.00 | 144.00 | OK |
Version: 0.1.13
Check: data for non-ASCII characters
Result: NOTE
Note: found 47 marked UTF-8 strings
Flavors: r-devel-linux-x86_64-fedora-clang, r-devel-linux-x86_64-fedora-gcc