CRAN Package Check Results for Package detect

Last updated on 2021-07-25 08:50:53 CEST.

Flavor Version Tinstall Tcheck Ttotal Status Flags
r-devel-linux-x86_64-debian-clang 0.4-4 10.99 313.74 324.73 OK
r-devel-linux-x86_64-debian-gcc 0.4-4 10.25 237.41 247.66 OK
r-devel-linux-x86_64-fedora-clang 0.4-4 388.90 OK
r-devel-linux-x86_64-fedora-gcc 0.4-4 409.12 OK
r-devel-windows-x86_64 0.4-4 12.00 432.00 444.00 OK
r-devel-windows-x86_64-gcc10-UCRT 0.4-4 OK
r-patched-linux-x86_64 0.4-4 11.09 320.72 331.81 OK
r-patched-solaris-x86 0.4-4 789.50 OK
r-release-linux-x86_64 0.4-4 9.69 326.61 336.30 OK
r-release-macos-arm64 0.4-4 NOTE
r-release-macos-x86_64 0.4-4 OK
r-release-windows-ix86+x86_64 0.4-4 23.00 422.00 445.00 OK
r-oldrel-macos-x86_64 0.4-4 OK
r-oldrel-windows-ix86+x86_64 0.4-4 23.00 451.00 474.00 OK

Check Details

Version: 0.4-4
Check: package dependencies
Result: NOTE
    Packages suggested but not available for checking: 'dclone', 'dcmle'
Flavor: r-release-macos-arm64