CRAN Package Check Results for Package dextergui

Last updated on 2021-07-30 08:50:01 CEST.

Flavor Version Tinstall Tcheck Ttotal Status Flags
r-devel-linux-x86_64-debian-clang 0.2.3 OK
r-devel-linux-x86_64-debian-gcc 0.2.3 11.59 72.13 83.72 OK
r-devel-linux-x86_64-fedora-clang 0.2.3 139.51 NOTE
r-devel-linux-x86_64-fedora-gcc 0.2.3 128.80 OK
r-devel-windows-x86_64 0.2.3 28.00 117.00 145.00 OK
r-devel-windows-x86_64-gcc10-UCRT 0.2.3 OK
r-patched-linux-x86_64 0.2.3 OK
r-patched-solaris-x86 0.2.3 185.00 OK
r-release-linux-x86_64 0.2.3 15.85 90.18 106.03 OK
r-release-macos-arm64 0.2.3 OK
r-release-macos-x86_64 0.2.3 OK
r-release-windows-ix86+x86_64 0.2.3 33.00 111.00 144.00 OK
r-oldrel-macos-x86_64 0.2.3 OK
r-oldrel-windows-ix86+x86_64 0.2.3 31.00 122.00 153.00 OK

Check Details

Version: 0.2.3
Check: package dependencies
Result: NOTE
    Imports includes 22 non-default packages.
    Importing from so many packages makes the package vulnerable to any of
    them becoming unavailable. Move as many as possible to Suggests and
    use conditionally.
Flavor: r-devel-linux-x86_64-fedora-clang