Last updated on 2024-04-18 08:54:26 CEST.
Flavor | Version | Tinstall | Tcheck | Ttotal | Status | Flags |
---|---|---|---|---|---|---|
r-devel-linux-x86_64-debian-clang | 1.7-3 | 25.73 | 28.10 | 53.83 | NOTE | |
r-devel-linux-x86_64-debian-gcc | 1.7-3 | 22.76 | 20.62 | 43.38 | NOTE | |
r-devel-linux-x86_64-fedora-clang | 1.7-3 | 75.79 | NOTE | |||
r-devel-linux-x86_64-fedora-gcc | 1.7-3 | 77.18 | NOTE | |||
r-prerel-macos-arm64 | 1.7-3 | 27.00 | NOTE | |||
r-prerel-windows-x86_64 | 1.7-3 | 28.00 | 63.00 | 91.00 | NOTE | |
r-patched-linux-x86_64 | 1.7-3 | 27.08 | 25.82 | 52.90 | NOTE | |
r-release-linux-x86_64 | 1.7-3 | 29.66 | 25.86 | 55.52 | NOTE | |
r-release-macos-arm64 | 1.7-3 | 35.00 | NOTE | |||
r-release-macos-x86_64 | 1.7-3 | 45.00 | NOTE | |||
r-release-windows-x86_64 | 1.7-3 | 37.00 | 68.00 | 105.00 | NOTE | |
r-oldrel-macos-arm64 | 1.7-3 | 28.00 | OK | |||
r-oldrel-windows-x86_64 | 1.7-3 | 27.00 | 65.00 | 92.00 | OK |
Version: 1.7-3
Check: C++ specification
Result: NOTE
Specified C++11: please drop specification unless essential
Flavors: r-devel-linux-x86_64-debian-clang, r-devel-linux-x86_64-debian-gcc, r-devel-linux-x86_64-fedora-clang, r-devel-linux-x86_64-fedora-gcc, r-prerel-macos-arm64, r-prerel-windows-x86_64, r-patched-linux-x86_64, r-release-linux-x86_64, r-release-macos-arm64, r-release-macos-x86_64, r-release-windows-x86_64
Version: 1.7-3
Check: Rd files
Result: NOTE
checkRd: (-1) mtaBin_next.Rd:27: Lost braces
27 | \item{s_1}{A function depending on the number of patients included used for adaptive randomization in plateau determination, only used if the estimation method chosen is "MTA-RA". The default function is function(n_cur,n){0.2}.}
| ^
checkRd: (-1) mtaBin_sim.Rd:30: Lost braces
30 | \item{s_1}{A function depending on the number of patients included used for adaptive randomization in plateau determination, only used if the estimation method chosen is "MTA-RA". The default function is function(n_cur){0.2}.}
| ^
Flavors: r-devel-linux-x86_64-debian-clang, r-devel-linux-x86_64-debian-gcc, r-devel-linux-x86_64-fedora-clang, r-devel-linux-x86_64-fedora-gcc, r-prerel-macos-arm64, r-prerel-windows-x86_64, r-patched-linux-x86_64