Last updated on 2024-08-31 08:48:09 CEST.
Flavor | Version | Tinstall | Tcheck | Ttotal | Status | Flags |
---|---|---|---|---|---|---|
r-devel-linux-x86_64-debian-clang | 1.0 | 2.27 | 27.48 | 29.75 | OK | |
r-devel-linux-x86_64-debian-gcc | 1.0 | 1.90 | 22.04 | 23.94 | OK | |
r-devel-linux-x86_64-fedora-clang | 1.0 | 49.67 | NOTE | |||
r-devel-linux-x86_64-fedora-gcc | 1.0 | 60.09 | NOTE | |||
r-devel-windows-x86_64 | 1.0 | 4.00 | 50.00 | 54.00 | OK | |
r-patched-linux-x86_64 | 1.0 | 2.29 | 26.74 | 29.03 | OK | |
r-release-linux-x86_64 | 1.0 | 2.11 | 26.23 | 28.34 | OK | |
r-release-macos-arm64 | 1.0 | 25.00 | OK | |||
r-release-macos-x86_64 | 1.0 | 45.00 | OK | |||
r-release-windows-x86_64 | 1.0 | 4.00 | 61.00 | 65.00 | OK | |
r-oldrel-macos-arm64 | 1.0 | 39.00 | OK | |||
r-oldrel-macos-x86_64 | 1.0 | 68.00 | OK | |||
r-oldrel-windows-x86_64 | 1.0 | 4.00 | 53.00 | 57.00 | OK |
Version: 1.0
Check: data for non-ASCII characters
Result: NOTE
Note: found 1 marked UTF-8 string
Flavors: r-devel-linux-x86_64-fedora-clang, r-devel-linux-x86_64-fedora-gcc