CRAN Package Check Results for Package dialr

Last updated on 2021-04-16 08:48:22 CEST.

Flavor Version Tinstall Tcheck Ttotal Status Flags
r-devel-linux-x86_64-debian-clang 0.3.2 5.62 73.09 78.71 NOTE
r-devel-linux-x86_64-debian-gcc 0.3.2 4.24 54.51 58.75 NOTE
r-devel-linux-x86_64-fedora-clang 0.3.2 101.35 NOTE
r-devel-linux-x86_64-fedora-gcc 0.3.2 92.66 NOTE
r-devel-windows-ix86+x86_64 0.3.2 11.00 88.00 99.00 NOTE
r-devel-windows-x86_64-gcc10-UCRT 0.3.2 NOTE
r-patched-linux-x86_64 0.3.2 4.67 69.47 74.14 OK
r-patched-solaris-x86 0.3.2 107.10 OK
r-release-linux-x86_64 0.3.2 4.14 68.90 73.04 OK
r-release-macos-x86_64 0.3.2 OK
r-release-windows-ix86+x86_64 0.3.2 9.00 85.00 94.00 OK
r-oldrel-macos-x86_64 0.3.2 OK
r-oldrel-windows-ix86+x86_64 0.3.2 6.00 72.00 78.00 OK

Check Details

Version: 0.3.2
Check: LazyData
Result: NOTE
     'LazyData' is specified without a 'data' directory
Flavors: r-devel-linux-x86_64-debian-clang, r-devel-linux-x86_64-debian-gcc, r-devel-linux-x86_64-fedora-clang, r-devel-linux-x86_64-fedora-gcc, r-devel-windows-ix86+x86_64, r-devel-windows-x86_64-gcc10-UCRT