Last updated on 2024-04-24 07:57:37 CEST.
Flavor | Version | Tinstall | Tcheck | Ttotal | Status | Flags |
---|---|---|---|---|---|---|
r-devel-linux-x86_64-debian-clang | 2.0.0 | 36.32 | 30.81 | 67.13 | NOTE | |
r-devel-linux-x86_64-debian-gcc | 2.0.0 | 29.79 | 23.07 | 52.86 | NOTE | |
r-devel-linux-x86_64-fedora-clang | 2.0.0 | 93.65 | NOTE | |||
r-devel-linux-x86_64-fedora-gcc | 2.0.0 | 91.79 | NOTE | |||
r-prerel-macos-arm64 | 2.0.0 | 26.00 | NOTE | |||
r-prerel-windows-x86_64 | 2.0.0 | 27.00 | 64.00 | 91.00 | NOTE | |
r-patched-linux-x86_64 | 2.0.0 | 40.22 | 29.49 | 69.71 | NOTE | |
r-release-linux-x86_64 | 2.0.0 | 33.36 | 28.46 | 61.82 | NOTE | |
r-release-macos-arm64 | 2.0.0 | 30.00 | NOTE | |||
r-release-macos-x86_64 | 2.0.0 | 42.00 | NOTE | |||
r-release-windows-x86_64 | 2.0.0 | 35.00 | 70.00 | 105.00 | NOTE | |
r-oldrel-macos-arm64 | 2.0.0 | 31.00 | OK | |||
r-oldrel-windows-x86_64 | 2.0.0 | 34.00 | 68.00 | 102.00 | OK |
Version: 2.0.0
Check: C++ specification
Result: NOTE
Specified C++11: please drop specification unless essential
Flavors: r-devel-linux-x86_64-debian-clang, r-devel-linux-x86_64-debian-gcc, r-devel-linux-x86_64-fedora-clang, r-devel-linux-x86_64-fedora-gcc, r-prerel-macos-arm64, r-prerel-windows-x86_64, r-patched-linux-x86_64, r-release-linux-x86_64, r-release-macos-arm64, r-release-macos-x86_64, r-release-windows-x86_64