CRAN Package Check Results for Package diptest

Last updated on 2021-06-12 09:53:45 CEST.

Flavor Version Tinstall Tcheck Ttotal Status Flags
r-devel-linux-x86_64-debian-clang 0.76-0 2.81 43.04 45.85 OK
r-devel-linux-x86_64-debian-gcc 0.76-0 2.17 34.16 36.33 OK
r-devel-linux-x86_64-fedora-clang 0.76-0 64.70 OK
r-devel-linux-x86_64-fedora-gcc 0.76-0 54.82 OK
r-devel-windows-x86_64 0.76-0 5.00 56.00 61.00 OK
r-devel-windows-x86_64-gcc10-UCRT 0.76-0 OK
r-patched-linux-x86_64 0.76-0 2.64 42.06 44.70 OK
r-patched-solaris-x86 0.76-0 83.00 OK
r-release-linux-x86_64 0.76-0 2.54 42.12 44.66 OK
r-release-macos-arm64 0.76-0 OK
r-release-macos-x86_64 0.76-0 OK
r-release-windows-ix86+x86_64 0.76-0 6.00 64.00 70.00 OK
r-oldrel-macos-x86_64 0.76-0 NOTE
r-oldrel-windows-ix86+x86_64 0.76-0 6.00 64.00 70.00 NOTE

Check Details

Version: 0.76-0
Check: contents of ‘data’ directory
Result: NOTE
    Output for data("exHartigan", package = "diptest"):
     'exHartigan' data is identical to 'statfaculty' and hence deprecated.
     Use the 'statfaculty' instead
Flavors: r-oldrel-macos-x86_64, r-oldrel-windows-ix86+x86_64