CRAN Package Check Results for Package discSurv

Last updated on 2023-01-31 07:54:08 CET.

Flavor Version Tinstall Tcheck Ttotal Status Flags
r-devel-linux-x86_64-debian-clang 2.0.0 17.56 202.24 219.80 NOTE
r-devel-linux-x86_64-debian-gcc 2.0.0 14.01 147.52 161.53 NOTE
r-devel-linux-x86_64-fedora-clang 2.0.0 269.38 NOTE
r-devel-linux-x86_64-fedora-gcc 2.0.0 271.44 NOTE
r-devel-windows-x86_64 2.0.0 41.00 248.00 289.00 NOTE
r-patched-linux-x86_64 2.0.0 13.83 191.10 204.93 OK
r-release-linux-x86_64 2.0.0 15.32 188.78 204.10 OK
r-release-macos-arm64 2.0.0 75.00 OK
r-release-macos-x86_64 2.0.0 161.00 OK
r-release-windows-x86_64 2.0.0 33.00 250.00 283.00 OK
r-oldrel-macos-arm64 2.0.0 83.00 OK
r-oldrel-macos-x86_64 2.0.0 99.00 OK
r-oldrel-windows-ix86+x86_64 2.0.0 35.00 237.00 272.00 OK

Check Details

Version: 2.0.0
Check: Rd files
Result: NOTE
    checkRd: (-1) dataCensoring.Rd:78: Escaped LaTeX specials: \&
    checkRd: (-1) dataLong.Rd:170: Escaped LaTeX specials: \&
    checkRd: (-1) dataLongCompRisksTimeDep.Rd:130: Escaped LaTeX specials: \&
    checkRd: (-1) dataLongMultiSpell.Rd:123: Escaped LaTeX specials: \&
    checkRd: (-1) dataLongTimeDep.Rd:96: Escaped LaTeX specials: \&
Flavors: r-devel-linux-x86_64-debian-clang, r-devel-linux-x86_64-debian-gcc, r-devel-linux-x86_64-fedora-clang, r-devel-linux-x86_64-fedora-gcc, r-devel-windows-x86_64

Version: 2.0.0
Check: Rd cross-references
Result: NOTE
    Undeclared package ‘Hmisc’ in Rd xrefs
Flavor: r-devel-linux-x86_64-fedora-clang