CRAN Package Check Results for Package distcrete

Last updated on 2024-05-22 08:59:25 CEST.

Flavor Version Tinstall Tcheck Ttotal Status Flags
r-devel-linux-x86_64-debian-clang 1.0.3 1.70 30.08 31.78 NOTE
r-devel-linux-x86_64-debian-gcc 1.0.3 1.45 23.56 25.01 NOTE
r-devel-linux-x86_64-fedora-clang 1.0.3 44.55 NOTE
r-devel-linux-x86_64-fedora-gcc 1.0.3 52.11 NOTE
r-devel-windows-x86_64 1.0.3 3.00 43.00 46.00 NOTE
r-patched-linux-x86_64 1.0.3 1.62 28.86 30.48 NOTE
r-release-linux-x86_64 1.0.3 1.69 30.06 31.75 NOTE
r-release-macos-arm64 1.0.3 21.00 NOTE
r-release-windows-x86_64 1.0.3 2.00 45.00 47.00 NOTE
r-oldrel-macos-arm64 1.0.3 22.00 NOTE
r-oldrel-macos-x86_64 1.0.3 33.00 NOTE
r-oldrel-windows-x86_64 1.0.3 3.00 44.00 47.00 NOTE

Check Details

Version: 1.0.3
Check: LazyData
Result: NOTE 'LazyData' is specified without a 'data' directory Flavors: r-devel-linux-x86_64-debian-clang, r-devel-linux-x86_64-debian-gcc, r-devel-linux-x86_64-fedora-clang, r-devel-linux-x86_64-fedora-gcc, r-devel-windows-x86_64, r-patched-linux-x86_64, r-release-linux-x86_64, r-release-macos-arm64, r-release-windows-x86_64, r-oldrel-macos-arm64, r-oldrel-macos-x86_64, r-oldrel-windows-x86_64