CRAN Package Check Results for Package distill

Last updated on 2021-05-14 09:50:48 CEST.

Flavor Version Tinstall Tcheck Ttotal Status Flags
r-devel-linux-x86_64-debian-clang 1.2 7.33 50.80 58.13 NOTE
r-devel-linux-x86_64-debian-gcc 1.2 5.82 38.88 44.70 NOTE
r-devel-linux-x86_64-fedora-clang 1.2 78.98 NOTE
r-devel-linux-x86_64-fedora-gcc 1.2 66.42 NOTE
r-devel-windows-ix86+x86_64 1.2 12.00 46.00 58.00 NOTE
r-devel-windows-x86_64-gcc10-UCRT 1.2 ERROR
r-patched-linux-x86_64 1.2 7.65 49.60 57.25 NOTE
r-patched-solaris-x86 1.2 84.10 NOTE
r-release-linux-x86_64 1.2 6.17 47.72 53.89 OK
r-release-macos-x86_64 1.2 OK
r-release-windows-ix86+x86_64 1.2 9.00 61.00 70.00 OK
r-oldrel-macos-x86_64 1.2 OK
r-oldrel-windows-ix86+x86_64 1.2 11.00 56.00 67.00 OK

Check Details

Version: 1.2
Check: LazyData
Result: NOTE
     'LazyData' is specified without a 'data' directory
Flavors: r-devel-linux-x86_64-debian-clang, r-devel-linux-x86_64-debian-gcc, r-devel-linux-x86_64-fedora-clang, r-devel-linux-x86_64-fedora-gcc, r-devel-windows-ix86+x86_64, r-devel-windows-x86_64-gcc10-UCRT, r-patched-linux-x86_64, r-patched-solaris-x86

Version: 1.2
Check: tests
Result: ERROR
     Running 'testthat.R'
    Running the tests in 'tests/testthat.R' failed.
    Last 13 lines of output:
     8. \-distill:::render_website(dir, "blog")
     9. \-rmarkdown::render_site(dir)
     10. \-generator$render(...)
     11. \-distill:::render_collections(input, config, collections, quiet)
     12. \-base::lapply(...)
     13. \-distill:::FUN(X[[i]], ...)
     14. \-distill:::render_collection(...)
     15. \-base::lapply(...)
     16. \-distill:::FUN(X[[i]], ...)
     17. \-distill:::render_collection_article(...)
     18. \-base::file.copy(...)
    
     [ FAIL 1 | WARN 1 | SKIP 1 | PASS 3 ]
     Error: Test failures
     Execution halted
Flavor: r-devel-windows-x86_64-gcc10-UCRT