Last updated on 2024-04-19 08:54:37 CEST.
Flavor | Version | Tinstall | Tcheck | Ttotal | Status | Flags |
---|---|---|---|---|---|---|
r-devel-linux-x86_64-debian-clang | 0.2.1 | 13.48 | 209.75 | 223.23 | NOTE | |
r-devel-linux-x86_64-debian-gcc | 0.2.1 | NOTE | ||||
r-devel-linux-x86_64-fedora-clang | 0.2.1 | 267.85 | NOTE | |||
r-devel-linux-x86_64-fedora-gcc | 0.2.1 | 271.75 | NOTE | |||
r-prerel-macos-arm64 | 0.2.1 | 80.00 | NOTE | |||
r-prerel-windows-x86_64 | 0.2.1 | 14.00 | 198.00 | 212.00 | NOTE | |
r-patched-linux-x86_64 | 0.2.1 | 20.97 | 197.74 | 218.71 | NOTE | |
r-release-linux-x86_64 | 0.2.1 | 9.95 | 197.54 | 207.49 | OK | |
r-release-macos-arm64 | 0.2.1 | 86.00 | OK | |||
r-release-macos-x86_64 | 0.2.1 | 127.00 | OK | |||
r-release-windows-x86_64 | 0.2.1 | 18.00 | 241.00 | 259.00 | OK | |
r-oldrel-macos-arm64 | 0.2.1 | 66.00 | OK | |||
r-oldrel-windows-x86_64 | 0.2.1 | 19.00 | 206.00 | 225.00 | OK |
Version: 0.2.1
Check: Rd files
Result: NOTE
checkRd: (-1) Exponential.Rd:31: Lost braces
31 | \strong{Support}: {x in [0, \eqn{\infty})}
| ^
Flavors: r-devel-linux-x86_64-debian-clang, r-devel-linux-x86_64-debian-gcc, r-devel-linux-x86_64-fedora-clang, r-devel-linux-x86_64-fedora-gcc, r-prerel-macos-arm64, r-prerel-windows-x86_64, r-patched-linux-x86_64