Last updated on 2024-03-12 07:49:51 CET.
Flavor | Version | Tinstall | Tcheck | Ttotal | Status | Flags |
---|---|---|---|---|---|---|
r-devel-linux-x86_64-debian-clang | 0.3.1 | 10.71 | 64.22 | 74.93 | OK | |
r-devel-linux-x86_64-debian-gcc | 0.3.1 | 7.76 | 50.77 | 58.53 | OK | |
r-devel-linux-x86_64-fedora-clang | 0.3.1 | 96.18 | NOTE | |||
r-devel-linux-x86_64-fedora-gcc | 0.3.1 | 91.09 | NOTE | |||
r-devel-windows-x86_64 | 0.3.1 | 10.00 | 72.00 | 82.00 | OK | |
r-patched-linux-x86_64 | 0.3.1 | 8.85 | 63.68 | 72.53 | OK | |
r-release-linux-x86_64 | 0.3.1 | 6.32 | 64.13 | 70.45 | OK | |
r-release-macos-arm64 | 0.3.1 | 30.00 | OK | |||
r-release-macos-x86_64 | 0.3.1 | 55.00 | OK | |||
r-release-windows-x86_64 | 0.3.1 | 12.00 | 81.00 | 93.00 | OK | |
r-oldrel-macos-arm64 | 0.3.1 | 39.00 | NOTE | |||
r-oldrel-windows-x86_64 | 0.3.1 | 13.00 | 92.00 | 105.00 | OK |
Version: 0.3.1
Check: dependencies in R code
Result: NOTE
Namespaces in Imports field not imported from:
‘gridExtra’ ‘plotly’ ‘pryr’ ‘rpart’
All declared Imports should be used.
Flavors: r-devel-linux-x86_64-fedora-clang, r-devel-linux-x86_64-fedora-gcc, r-oldrel-macos-arm64