CRAN Package Check Results for Package diveRsity

Last updated on 2021-07-26 09:54:00 CEST.

Flavor Version Tinstall Tcheck Ttotal Status Flags
r-devel-linux-x86_64-debian-clang 1.9.90 168.82 189.30 358.12 NOTE
r-devel-linux-x86_64-debian-gcc 1.9.90 110.06 138.71 248.77 NOTE
r-devel-linux-x86_64-fedora-clang 1.9.90 482.51 NOTE
r-devel-linux-x86_64-fedora-gcc 1.9.90 426.21 NOTE
r-devel-windows-x86_64 1.9.90 199.00 231.00 430.00 OK
r-devel-windows-x86_64-gcc10-UCRT 1.9.90 NOTE
r-patched-linux-x86_64 1.9.90 127.59 176.10 303.69 NOTE
r-patched-solaris-x86 1.9.90 471.70 NOTE
r-release-linux-x86_64 1.9.90 121.54 177.31 298.85 NOTE
r-release-macos-arm64 1.9.90 NOTE
r-release-macos-x86_64 1.9.90 NOTE
r-release-windows-ix86+x86_64 1.9.90 362.00 215.00 577.00 OK
r-oldrel-macos-x86_64 1.9.90 NOTE
r-oldrel-windows-ix86+x86_64 1.9.90 261.00 303.00 564.00 OK

Check Details

Version: 1.9.90
Check: package dependencies
Result: NOTE
    Packages suggested but not available for checking: 'sendplot', 'HWxtest'
Flavors: r-devel-linux-x86_64-debian-clang, r-devel-linux-x86_64-debian-gcc, r-devel-linux-x86_64-fedora-clang, r-devel-linux-x86_64-fedora-gcc, r-devel-windows-x86_64-gcc10-UCRT, r-patched-linux-x86_64, r-patched-solaris-x86, r-release-linux-x86_64, r-release-macos-arm64, r-release-macos-x86_64, r-oldrel-macos-x86_64

Version: 1.9.90
Check: installed package size
Result: NOTE
     installed size is 6.2Mb
     sub-directories of 1Mb or more:
     libs 4.7Mb
Flavors: r-devel-linux-x86_64-fedora-clang, r-release-macos-arm64